  {"id":2993,"date":"2025-03-10T14:47:38","date_gmt":"2025-03-10T18:47:38","guid":{"rendered":"https:\/\/www.yorku.ca\/cjs\/?page_id=2993"},"modified":"2025-11-20T11:54:02","modified_gmt":"2025-11-20T16:54:02","slug":"acjs-aejc-podcast","status":"publish","type":"page","link":"https:\/\/www.yorku.ca\/cjs\/acjs-aejc-podcast\/","title":{"rendered":"T\u00eate-\u00e0-t\u00eate: Conversations in Canadian Jewish Studies\u00a0"},"content":{"rendered":"\n<p><strong>T\u00eate-\u00e0-t\u00eate: Conversations in Canadian Jewish Studies<\/strong> is an interview podcast featuring dynamic, informative, and always thought-provoking scholarly discussions about new research published in the pages of <em>Canadian Jewish Studies<\/em>, the flagship journal of the Association for Canadian Jewish Studies.&nbsp;<\/p>\n\n\n\n<p>Follow this link to listen and subscribe: <a href=\"https:\/\/acjs-aejc.ca\/tete-a-tete\/\">https:\/\/acjs-aejc.ca\/tete-a-tete\/<\/a><\/p>\n\n\n\n<p><\/p>\n","protected":false},"excerpt":{"rendered":"<p>T\u00eate-\u00e0-t\u00eate: Conversations in Canadian Jewish Studies is an interview podcast featuring dynamic, informative, and always thought-provoking scholarly discussions about new research published in the pages of Canadian Jewish Studies, the flagship journal of the Association for Canadian Jewish Studies.&nbsp; Follow this link to listen and subscribe: https:\/\/acjs-aejc.ca\/tete-a-tete\/<\/p>\n","protected":false},"author":412,"featured_media":0,"parent":0,"menu_order":0,"comment_status":"closed","ping_status":"closed","template":"","meta":{"_kad_blocks_custom_css":"","_kad_blocks_head_custom_js":"","_kad_blocks_body_custom_js":"","_kad_blocks_footer_custom_js":"","footnotes":""},"tags":[],"class_list":["post-2993","page","type-page","status-publish","hentry"],"taxonomy_info":[],"featured_image_src_large":false,"author_info":{"display_name":"feinberg","author_link":"https:\/\/www.yorku.ca\/cjs\/author\/feinberg\/"},"comment_info":"","_links":{"self":[{"href":"https:\/\/www.yorku.ca\/cjs\/wp-json\/wp\/v2\/pages\/2993","targetHints":{"allow":["GET"]}}],"collection":[{"href":"https:\/\/www.yorku.ca\/cjs\/wp-json\/wp\/v2\/pages"}],"about":[{"href":"https:\/\/www.yorku.ca\/cjs\/wp-json\/wp\/v2\/types\/page"}],"author":[{"embeddable":true,"href":"https:\/\/www.yorku.ca\/cjs\/wp-json\/wp\/v2\/users\/412"}],"replies":[{"embeddable":true,"href":"https:\/\/www.yorku.ca\/cjs\/wp-json\/wp\/v2\/comments?post=2993"}],"version-history":[{"count":3,"href":"https:\/\/www.yorku.ca\/cjs\/wp-json\/wp\/v2\/pages\/2993\/revisions"}],"predecessor-version":[{"id":3079,"href":"https:\/\/www.yorku.ca\/cjs\/wp-json\/wp\/v2\/pages\/2993\/revisions\/3079"}],"wp:attachment":[{"href":"https:\/\/www.yorku.ca\/cjs\/wp-json\/wp\/v2\/media?parent=2993"}],"wp:term":[{"taxonomy":"post_tag","embeddable":true,"href":"https:\/\/www.yorku.ca\/cjs\/wp-json\/wp\/v2\/tags?post=2993"}],"curies":[{"name":"wp","href":"https:\/\/api.w.org\/{rel}","templated":true}]}}