  {"id":18164,"date":"2026-02-03T14:08:07","date_gmt":"2026-02-03T19:08:07","guid":{"rendered":"https:\/\/www.yorku.ca\/convocation\/ceremony\/ceremonie-10\/"},"modified":"2026-02-04T11:24:41","modified_gmt":"2026-02-04T16:24:41","slug":"ceremonie-10","status":"publish","type":"ceremony","link":"https:\/\/www.yorku.ca\/convocation\/ceremony\/ceremonie-10\/?lang=fr","title":{"rendered":"C\u00e9r\u00e9monie 10"},"content":{"rendered":"<style>.kt-accordion-id18164_d07f00-96 .kt-accordion-inner-wrap{column-gap:var(--global-kb-gap-md, 2rem);row-gap:8px;}.kt-accordion-id18164_d07f00-96 .kt-accordion-panel-inner{padding-top:var(--global-kb-spacing-sm, 1.5rem);padding-right:var(--global-kb-spacing-sm, 1.5rem);padding-bottom:var(--global-kb-spacing-sm, 1.5rem);padding-left:var(--global-kb-spacing-sm, 1.5rem);}.kt-accordion-id18164_d07f00-96 > .kt-accordion-inner-wrap > .wp-block-kadence-pane > .kt-accordion-header-wrap > .kt-blocks-accordion-header{padding-top:var(--global-kb-spacing-xxs, 0.5rem);padding-right:var(--global-kb-spacing-xs, 1rem);padding-bottom:var(--global-kb-spacing-xxs, 0.5rem);padding-left:var(--global-kb-spacing-xs, 1rem);}@media all and (max-width: 767px){.kt-accordion-id18164_d07f00-96 .kt-accordion-inner-wrap{display:block;}.kt-accordion-id18164_d07f00-96 .kt-accordion-inner-wrap .kt-accordion-pane:not(:first-child){margin-top:8px;}}<\/style>\n<div class=\"wp-block-kadence-accordion alignnone\"><div class=\"kt-accordion-wrap kt-accordion-id18164_d07f00-96 kt-accordion-has-5-panes kt-active-pane-0 kt-accordion-block kt-pane-header-alignment-left kt-accodion-icon-style-arrow kt-accodion-icon-side-right\" style=\"max-width:none\"><div class=\"kt-accordion-inner-wrap\" data-allow-multiple-open=\"true\" data-start-open=\"0\">\n<div class=\"wp-block-kadence-pane kt-accordion-pane kt-accordion-pane-3 kt-pane18164_554112-43\"><div class=\"kt-accordion-header-wrap\"><button class=\"kt-blocks-accordion-header kt-acccordion-button-label-show\" type=\"button\"><span class=\"kt-blocks-accordion-title-wrap\"><span class=\"kt-blocks-accordion-title\">\u00c9cole Schulich des hautes \u00e9tudes commerciales \u2013 II<\/span><\/span><span class=\"kt-blocks-accordion-icon-trigger\"><\/span><\/button><\/div><div class=\"kt-accordion-panel kt-accordion-panel-hidden\"><div class=\"kt-accordion-panel-inner\">\n<p>Ma\u00eetrise en comptabilit\u00e9<br>Ma\u00eetrise en administration des affaires<br>Ma\u00eetrise en administration des affaires en leadership technologique<br>Ma\u00eetrise internationale en administration des affaires<br>Ma\u00eetrise en analytique d\u2019affaires<br>Ma\u00eetrise en finances<br>Ma\u00eetrise en administration des industries de la sant\u00e9<br>Ma\u00eetrise en gestion<br>Ma\u00eetrise en gestion de l\u2019intelligence artificielle<br>Ma\u00eetrise en marketing<br>Ma\u00eetrise en immobilier et infrastructures<br>Ma\u00eetrise en gestion de la cha\u00eene d\u2019approvisionnement<br>Dipl\u00f4me post-MBA en gestion avanc\u00e9e<br>Doctorat en philosophie, avec une majeure en :<br>\u2022 Administration<\/p>\n<\/div><\/div><\/div>\n<\/div><\/div><\/div>\n","protected":false},"author":2,"template":"","class_list":["post-18164","ceremony","type-ceremony","status-publish","hentry"],"taxonomy_info":[],"featured_image_src_large":[],"author_info":{"display_name":"Alice","author_link":"https:\/\/www.yorku.ca\/convocation\/author\/alicet\/"},"comment_info":"","_links":{"self":[{"href":"https:\/\/www.yorku.ca\/convocation\/wp-json\/wp\/v2\/ceremony\/18164","targetHints":{"allow":["GET"]}}],"collection":[{"href":"https:\/\/www.yorku.ca\/convocation\/wp-json\/wp\/v2\/ceremony"}],"about":[{"href":"https:\/\/www.yorku.ca\/convocation\/wp-json\/wp\/v2\/types\/ceremony"}],"author":[{"embeddable":true,"href":"https:\/\/www.yorku.ca\/convocation\/wp-json\/wp\/v2\/users\/2"}],"version-history":[{"count":1,"href":"https:\/\/www.yorku.ca\/convocation\/wp-json\/wp\/v2\/ceremony\/18164\/revisions"}],"predecessor-version":[{"id":19203,"href":"https:\/\/www.yorku.ca\/convocation\/wp-json\/wp\/v2\/ceremony\/18164\/revisions\/19203"}],"wp:attachment":[{"href":"https:\/\/www.yorku.ca\/convocation\/wp-json\/wp\/v2\/media?parent=18164"}],"curies":[{"name":"wp","href":"https:\/\/api.w.org\/{rel}","templated":true}]}}

Cérémonie 10

<style>.kt-accordion-id18164_d07f00-96 .kt-accordion-inner-wrap{column-gap:var(--global-kb-gap-md, 2rem);row-gap:8px;}.kt-accordion-id18164_d07f00-96 .kt-accordion-panel-inner{padding-top:var(--global-kb-spacing-sm, 1.5rem);padding-right:var(--global-kb-spacing-sm, 1.5rem);padding-bottom:var(--global-kb-spacing-sm, 1.5rem);padding-left:var(--global-kb-spacing-sm, 1.5rem);}.kt-accordion-id18164_d07f00-96 > .kt-accordion-inner-wrap > .wp-block-kadence-pane > .kt-accordion-header-wrap > .kt-blocks-accordion-header{padding-top:var(--global-kb-spacing-xxs, 0.5rem);padding-right:var(--global-kb-spacing-xs, 1rem);padding-bottom:var(--global-kb-spacing-xxs, 0.5rem);padding-left:var(--global-kb-spacing-xs, 1rem);}@media all and (max-width: 767px){.kt-accordion-id18164_d07f00-96 .kt-accordion-inner-wrap{display:block;}.kt-accordion-id18164_d07f00-96 .kt-accordion-inner-wrap .kt-accordion-pane:not(:first-child){margin-top:8px;}}</style>
<div class="wp-block-kadence-accordion alignnone"><div class="kt-accordion-wrap kt-accordion-id18164_d07f00-96 kt-accordion-has-5-panes kt-active-pane-0 kt-accordion-block kt-pane-header-alignment-left kt-accodion-icon-style-arrow kt-accodion-icon-side-right" style="max-width:none"><div class="kt-accordion-inner-wrap" data-allow-multiple-open="true" data-start-open="0">
<div class="wp-block-kadence-pane kt-accordion-pane kt-accordion-pane-3 kt-pane18164_554112-43"><div class="kt-accordion-header-wrap"><button class="kt-blocks-accordion-header kt-acccordion-button-label-show" type="button"><span class="kt-blocks-accordion-title-wrap"><span class="kt-blocks-accordion-title">École Schulich des hautes études commerciales – II</span></span><span class="kt-blocks-accordion-icon-trigger"></span></button></div><div class="kt-accordion-panel kt-accordion-panel-hidden"><div class="kt-accordion-panel-inner">
<p>Maîtrise en comptabilité<br>Maîtrise en administration des affaires<br>Maîtrise en administration des affaires en leadership technologique<br>Maîtrise internationale en administration des affaires<br>Maîtrise en analytique d’affaires<br>Maîtrise en finances<br>Maîtrise en administration des industries de la santé<br>Maîtrise en gestion<br>Maîtrise en gestion de l’intelligence artificielle<br>Maîtrise en marketing<br>Maîtrise en immobilier et infrastructures<br>Maîtrise en gestion de la chaîne d’approvisionnement<br>Diplôme post-MBA en gestion avancée<br>Doctorat en philosophie, avec une majeure en :<br>• Administration</p>
</div></div></div>
</div></div></div>
