  {"id":18167,"date":"2026-02-03T14:08:15","date_gmt":"2026-02-03T19:08:15","guid":{"rendered":"https:\/\/www.yorku.ca\/convocation\/ceremony\/ceremonie-13\/"},"modified":"2026-02-04T11:21:48","modified_gmt":"2026-02-04T16:21:48","slug":"ceremonie-13","status":"publish","type":"ceremony","link":"https:\/\/www.yorku.ca\/convocation\/ceremony\/ceremonie-13\/?lang=fr","title":{"rendered":"C\u00e9r\u00e9monie 13"},"content":{"rendered":"<style>.kt-accordion-id18167_72eb10-37 .kt-accordion-inner-wrap{column-gap:var(--global-kb-gap-md, 2rem);row-gap:8px;}.kt-accordion-id18167_72eb10-37 .kt-accordion-panel-inner{padding-top:var(--global-kb-spacing-sm, 1.5rem);padding-right:var(--global-kb-spacing-sm, 1.5rem);padding-bottom:var(--global-kb-spacing-sm, 1.5rem);padding-left:var(--global-kb-spacing-sm, 1.5rem);}.kt-accordion-id18167_72eb10-37 > .kt-accordion-inner-wrap > .wp-block-kadence-pane > .kt-accordion-header-wrap > .kt-blocks-accordion-header{padding-top:var(--global-kb-spacing-xxs, 0.5rem);padding-right:var(--global-kb-spacing-xs, 1rem);padding-bottom:var(--global-kb-spacing-xxs, 0.5rem);padding-left:var(--global-kb-spacing-xs, 1rem);}@media all and (max-width: 767px){.kt-accordion-id18167_72eb10-37 .kt-accordion-inner-wrap{display:block;}.kt-accordion-id18167_72eb10-37 .kt-accordion-inner-wrap .kt-accordion-pane:not(:first-child){margin-top:8px;}}<\/style>\n<div class=\"wp-block-kadence-accordion alignnone\"><div class=\"kt-accordion-wrap kt-accordion-id18167_72eb10-37 kt-accordion-has-5-panes kt-active-pane-0 kt-accordion-block kt-pane-header-alignment-left kt-accodion-icon-style-arrow kt-accodion-icon-side-right\" style=\"max-width:none\"><div class=\"kt-accordion-inner-wrap\" data-allow-multiple-open=\"true\" data-start-open=\"none\">\n<div class=\"wp-block-kadence-pane kt-accordion-pane kt-accordion-pane-3 kt-pane18167_e015a8-34\"><div class=\"kt-accordion-header-wrap\"><button class=\"kt-blocks-accordion-header kt-acccordion-button-label-show\" type=\"button\"><span class=\"kt-blocks-accordion-title-wrap\"><span class=\"kt-blocks-accordion-title\">Facult\u00e9 de la sant\u00e9 \u2013 III<\/span><\/span><span class=\"kt-blocks-accordion-icon-trigger\"><\/span><\/button><\/div><div class=\"kt-accordion-panel kt-accordion-panel-hidden\"><div class=\"kt-accordion-panel-inner\">\n<p>Baccalaur\u00e9at sp\u00e9cialis\u00e9 \u00e8s arts et baccalaur\u00e9at \u00e8s arts, avec une majeure en :<br>\u2022 Sant\u00e9 mondiale<br>\u2022 Kin\u00e9siologie et sciences de la sant\u00e9<br>\u2022 Mouvement et sant\u00e9<br>Baccalaur\u00e9at sp\u00e9cialis\u00e9 en \u00e9tudes sur la sant\u00e9 et baccalaur\u00e9at en \u00e9tudes sur la sant\u00e9<br>\u2022 Toutes les majeures<br>Baccalaur\u00e9at sp\u00e9cialis\u00e9 \u00e8s sciences et baccalaur\u00e9at \u00e8s sciences, avec une majeure en :<br>\u2022 Sant\u00e9 mondiale<br>\u2022 Kin\u00e9siologie et sciences de la sant\u00e9<br>\u2022 Mouvement et sant\u00e9<br>\u2022 Neuroscience<br>Ma\u00eetrise \u00e8s arts avec une majeure en :<br>\u2022 \u00c9tudes critiques du handicap<br>\u2022 Sant\u00e9 mondiale<br>\u2022 Sant\u00e9<br>\u2022 Kin\u00e9siologie et sciences de la sant\u00e9<br>Ma\u00eetrise en sciences de l\u2019activit\u00e9 physique<br>Ma\u00eetrise \u00e8s sciences, avec une majeure en :<br>\u2022 Kin\u00e9siologie et sciences de la sant\u00e9<br>Doctorat en philosophie, avec une majeure en :<br>\u2022 \u00c9tudes critiques du handicap<br>\u2022 Sant\u00e9 mondiale<br>\u2022 Sant\u00e9<br>\u2022 Kin\u00e9siologie et sciences de la sant\u00e9<\/p>\n<\/div><\/div><\/div>\n\n\n\n<div class=\"wp-block-kadence-pane kt-accordion-pane kt-accordion-pane-4 kt-pane18167_5f0e13-2b\"><div class=\"kt-accordion-header-wrap\"><button class=\"kt-blocks-accordion-header kt-acccordion-button-label-show\" type=\"button\"><span class=\"kt-blocks-accordion-title-wrap\"><span class=\"kt-blocks-accordion-title\">Facult\u00e9 des sciences \u2013 II<\/span><\/span><span class=\"kt-blocks-accordion-icon-trigger\"><\/span><\/button><\/div><div class=\"kt-accordion-panel kt-accordion-panel-hidden\"><div class=\"kt-accordion-panel-inner\">\n<p>Baccalaur\u00e9at sp\u00e9cialis\u00e9 \u00e8s sciences, avec une majeure en :<br>\u2022 Neuroscience<\/p>\n<\/div><\/div><\/div>\n<\/div><\/div><\/div>\n","protected":false},"author":2,"template":"","class_list":["post-18167","ceremony","type-ceremony","status-publish","hentry"],"taxonomy_info":[],"featured_image_src_large":[],"author_info":{"display_name":"Alice","author_link":"https:\/\/www.yorku.ca\/convocation\/author\/alicet\/"},"comment_info":"","_links":{"self":[{"href":"https:\/\/www.yorku.ca\/convocation\/wp-json\/wp\/v2\/ceremony\/18167","targetHints":{"allow":["GET"]}}],"collection":[{"href":"https:\/\/www.yorku.ca\/convocation\/wp-json\/wp\/v2\/ceremony"}],"about":[{"href":"https:\/\/www.yorku.ca\/convocation\/wp-json\/wp\/v2\/types\/ceremony"}],"author":[{"embeddable":true,"href":"https:\/\/www.yorku.ca\/convocation\/wp-json\/wp\/v2\/users\/2"}],"version-history":[{"count":1,"href":"https:\/\/www.yorku.ca\/convocation\/wp-json\/wp\/v2\/ceremony\/18167\/revisions"}],"predecessor-version":[{"id":19200,"href":"https:\/\/www.yorku.ca\/convocation\/wp-json\/wp\/v2\/ceremony\/18167\/revisions\/19200"}],"wp:attachment":[{"href":"https:\/\/www.yorku.ca\/convocation\/wp-json\/wp\/v2\/media?parent=18167"}],"curies":[{"name":"wp","href":"https:\/\/api.w.org\/{rel}","templated":true}]}}

Cérémonie 13

<style>.kt-accordion-id18167_72eb10-37 .kt-accordion-inner-wrap{column-gap:var(--global-kb-gap-md, 2rem);row-gap:8px;}.kt-accordion-id18167_72eb10-37 .kt-accordion-panel-inner{padding-top:var(--global-kb-spacing-sm, 1.5rem);padding-right:var(--global-kb-spacing-sm, 1.5rem);padding-bottom:var(--global-kb-spacing-sm, 1.5rem);padding-left:var(--global-kb-spacing-sm, 1.5rem);}.kt-accordion-id18167_72eb10-37 > .kt-accordion-inner-wrap > .wp-block-kadence-pane > .kt-accordion-header-wrap > .kt-blocks-accordion-header{padding-top:var(--global-kb-spacing-xxs, 0.5rem);padding-right:var(--global-kb-spacing-xs, 1rem);padding-bottom:var(--global-kb-spacing-xxs, 0.5rem);padding-left:var(--global-kb-spacing-xs, 1rem);}@media all and (max-width: 767px){.kt-accordion-id18167_72eb10-37 .kt-accordion-inner-wrap{display:block;}.kt-accordion-id18167_72eb10-37 .kt-accordion-inner-wrap .kt-accordion-pane:not(:first-child){margin-top:8px;}}</style>
<div class="wp-block-kadence-accordion alignnone"><div class="kt-accordion-wrap kt-accordion-id18167_72eb10-37 kt-accordion-has-5-panes kt-active-pane-0 kt-accordion-block kt-pane-header-alignment-left kt-accodion-icon-style-arrow kt-accodion-icon-side-right" style="max-width:none"><div class="kt-accordion-inner-wrap" data-allow-multiple-open="true" data-start-open="none">
<div class="wp-block-kadence-pane kt-accordion-pane kt-accordion-pane-3 kt-pane18167_e015a8-34"><div class="kt-accordion-header-wrap"><button class="kt-blocks-accordion-header kt-acccordion-button-label-show" type="button"><span class="kt-blocks-accordion-title-wrap"><span class="kt-blocks-accordion-title">Faculté de la santé – III</span></span><span class="kt-blocks-accordion-icon-trigger"></span></button></div><div class="kt-accordion-panel kt-accordion-panel-hidden"><div class="kt-accordion-panel-inner">
<p>Baccalauréat spécialisé ès arts et baccalauréat ès arts, avec une majeure en :<br>• Santé mondiale<br>• Kinésiologie et sciences de la santé<br>• Mouvement et santé<br>Baccalauréat spécialisé en études sur la santé et baccalauréat en études sur la santé<br>• Toutes les majeures<br>Baccalauréat spécialisé ès sciences et baccalauréat ès sciences, avec une majeure en :<br>• Santé mondiale<br>• Kinésiologie et sciences de la santé<br>• Mouvement et santé<br>• Neuroscience<br>Maîtrise ès arts avec une majeure en :<br>• Études critiques du handicap<br>• Santé mondiale<br>• Santé<br>• Kinésiologie et sciences de la santé<br>Maîtrise en sciences de l’activité physique<br>Maîtrise ès sciences, avec une majeure en :<br>• Kinésiologie et sciences de la santé<br>Doctorat en philosophie, avec une majeure en :<br>• Études critiques du handicap<br>• Santé mondiale<br>• Santé<br>• Kinésiologie et sciences de la santé</p>
</div></div></div>



<div class="wp-block-kadence-pane kt-accordion-pane kt-accordion-pane-4 kt-pane18167_5f0e13-2b"><div class="kt-accordion-header-wrap"><button class="kt-blocks-accordion-header kt-acccordion-button-label-show" type="button"><span class="kt-blocks-accordion-title-wrap"><span class="kt-blocks-accordion-title">Faculté des sciences – II</span></span><span class="kt-blocks-accordion-icon-trigger"></span></button></div><div class="kt-accordion-panel kt-accordion-panel-hidden"><div class="kt-accordion-panel-inner">
<p>Baccalauréat spécialisé ès sciences, avec une majeure en :<br>• Neuroscience</p>
</div></div></div>
</div></div></div>
