  {"id":34646,"date":"2025-07-02T16:44:28","date_gmt":"2025-07-02T20:44:28","guid":{"rendered":"https:\/\/www.yorku.ca\/glendon\/mpia\/experiential-learning\/"},"modified":"2025-12-10T11:19:21","modified_gmt":"2025-12-10T16:19:21","slug":"experiential-learning","status":"publish","type":"page","link":"https:\/\/www.yorku.ca\/glendon\/mpia\/experiential-learning\/?lang=fr","title":{"rendered":"\u00c9ducation exp\u00e9rientielle"},"content":{"rendered":"\n<div style=\"height:34px\" aria-hidden=\"true\" class=\"wp-block-spacer\"><\/div>\n\n\n\n<div class=\"wp-block-columns is-layout-flex wp-container-core-columns-is-layout-28f84493 wp-block-columns-is-layout-flex\">\n<div class=\"wp-block-column is-layout-flow wp-block-column-is-layout-flow\">\n<figure class=\"wp-block-image size-large\"><img loading=\"lazy\" decoding=\"async\" width=\"1024\" height=\"683\" src=\"https:\/\/www.yorku.ca\/glendon\/wp-content\/uploads\/sites\/508\/2025\/07\/GC_ID-09012-1-1024x683.jpg\" alt=\"\" class=\"wp-image-33189\" style=\"aspect-ratio:3\/2;object-fit:cover\" srcset=\"https:\/\/www.yorku.ca\/glendon\/wp-content\/uploads\/sites\/508\/2025\/07\/GC_ID-09012-1-1024x683.jpg 1024w, https:\/\/www.yorku.ca\/glendon\/wp-content\/uploads\/sites\/508\/2025\/07\/GC_ID-09012-1-400x267.jpg 400w, https:\/\/www.yorku.ca\/glendon\/wp-content\/uploads\/sites\/508\/2025\/07\/GC_ID-09012-1-391x260.jpg 391w, https:\/\/www.yorku.ca\/glendon\/wp-content\/uploads\/sites\/508\/2025\/07\/GC_ID-09012-1-1536x1024.jpg 1536w, https:\/\/www.yorku.ca\/glendon\/wp-content\/uploads\/sites\/508\/2025\/07\/GC_ID-09012-1-2048x1365.jpg 2048w\" sizes=\"auto, (max-width: 1024px) 100vw, 1024px\" \/><\/figure>\n<\/div>\n\n\n\n<div class=\"wp-block-column is-layout-flow wp-block-column-is-layout-flow\">\n<figure class=\"wp-block-image size-full\"><img loading=\"lazy\" decoding=\"async\" width=\"800\" height=\"533\" src=\"https:\/\/www.yorku.ca\/glendon\/wp-content\/uploads\/sites\/508\/2025\/07\/GC_ID-08045-3-1.jpg\" alt=\"\" class=\"wp-image-33181\" srcset=\"https:\/\/www.yorku.ca\/glendon\/wp-content\/uploads\/sites\/508\/2025\/07\/GC_ID-08045-3-1.jpg 800w, https:\/\/www.yorku.ca\/glendon\/wp-content\/uploads\/sites\/508\/2025\/07\/GC_ID-08045-3-1-400x267.jpg 400w, https:\/\/www.yorku.ca\/glendon\/wp-content\/uploads\/sites\/508\/2025\/07\/GC_ID-08045-3-1-391x260.jpg 391w\" sizes=\"auto, (max-width: 800px) 100vw, 800px\" \/><\/figure>\n<\/div>\n\n\n\n<div class=\"wp-block-column is-layout-flow wp-block-column-is-layout-flow\">\n<figure class=\"wp-block-image size-full\"><img loading=\"lazy\" decoding=\"async\" width=\"800\" height=\"537\" src=\"https:\/\/www.yorku.ca\/glendon\/wp-content\/uploads\/sites\/508\/2025\/07\/P1015920-1.jpg\" alt=\"\" class=\"wp-image-33187\" style=\"aspect-ratio:3\/2;object-fit:cover\" srcset=\"https:\/\/www.yorku.ca\/glendon\/wp-content\/uploads\/sites\/508\/2025\/07\/P1015920-1.jpg 800w, https:\/\/www.yorku.ca\/glendon\/wp-content\/uploads\/sites\/508\/2025\/07\/P1015920-1-400x269.jpg 400w\" sizes=\"auto, (max-width: 800px) 100vw, 800px\" \/><\/figure>\n<\/div>\n<\/div>\n\n\n\n<div style=\"height:36px\" aria-hidden=\"true\" class=\"wp-block-spacer\"><\/div>\n\n\n\n<h1 class=\"wp-block-heading\">Stages<\/h1>\n\n\n\n<div style=\"height:37px\" aria-hidden=\"true\" class=\"wp-block-spacer\"><\/div>\n\n\n\n<p>Tous les \u00e9tudiants doivent faire un stage de 12\u00a0semaines apr\u00e8s leur premi\u00e8re ann\u00e9e. Les personnes qui n\u2019obtiennent pas de stage devront suivre 6\u00a0cr\u00e9dits de cours pendant le trimestre d\u2019\u00e9t\u00e9. Les responsables des secteurs public et priv\u00e9 recherchent des \u00e9tudiants et \u00e9tudiantes bilingues. Les \u00e9tudiants et \u00e9tudiantes de la MAPI b\u00e9n\u00e9ficient d\u2019un accompagnement pour la r\u00e9daction de leur CV et re\u00e7oivent de la r\u00e9troaction apr\u00e8s des simulations d\u2019entretiens. Ils et elles ont obtenu des stages au sein du gouvernement f\u00e9d\u00e9ral, des bureaux de circonscription des d\u00e9put\u00e9s f\u00e9d\u00e9raux, de la fonction publique de l\u2019Ontario, d\u2019organisations non gouvernementales, d\u2019ambassades \u00e0 Ottawa et d\u2019organisations internationales. Les stages sont devenus de plus en plus comp\u00e9titifs ces derni\u00e8res ann\u00e9es, car les organisations des secteurs priv\u00e9 et public sont plus s\u00e9lectives dans leurs choix.<\/p>\n\n\n\n<p>Gr\u00e2ce \u00e0 un accord de coop\u00e9ration sign\u00e9 en avril\u00a02023 avec le Centre d\u2019excellence de l\u2019OTAN pour l\u2019assistance aux forces de s\u00e9curit\u00e9 en Italie, des \u00e9tudiantes et \u00e9tudiants de Glendon ont la possibilit\u00e9 de faire un stage au centre de l\u2019OTAN. Ces deux postes sont r\u00e9serv\u00e9s aux \u00e9tudiants et \u00e9tudiantes de la MAPI et leur permettent de d\u00e9velopper leurs comp\u00e9tences en mati\u00e8re de recherche, d\u2019analyse et de communication.\u00a0\u00a0<\/p>\n\n\n\n<p>Ils ont eu une incidence majeure, voire \u00ab\u2009transformatrice\u2009\u00bb selon les stagiaires.<\/p>\n\n\n\n<div style=\"height:65px\" aria-hidden=\"true\" class=\"wp-block-spacer\"><\/div>\n\n\n\n<h2 class=\"wp-block-heading\">Voyage d\u2019\u00e9tudes aux Nations Unies<\/h2>\n\n\n\n<div style=\"height:24px\" aria-hidden=\"true\" class=\"wp-block-spacer\"><\/div>\n\n\n\n<div class=\"wp-block-media-text is-stacked-on-mobile\" style=\"grid-template-columns:51% auto\"><figure class=\"wp-block-media-text__media\"><img loading=\"lazy\" decoding=\"async\" width=\"1024\" height=\"768\" src=\"https:\/\/www.yorku.ca\/glendon\/wp-content\/uploads\/sites\/508\/2025\/07\/UN-trip.jpg\" alt=\"\" class=\"wp-image-33184 size-full\" srcset=\"https:\/\/www.yorku.ca\/glendon\/wp-content\/uploads\/sites\/508\/2025\/07\/UN-trip.jpg 1024w, https:\/\/www.yorku.ca\/glendon\/wp-content\/uploads\/sites\/508\/2025\/07\/UN-trip-400x300.jpg 400w\" sizes=\"auto, (max-width: 1024px) 100vw, 1024px\" \/><\/figure><div class=\"wp-block-media-text__content\">\n<div style=\"height:11px\" aria-hidden=\"true\" class=\"wp-block-spacer\"><\/div>\n\n\n\n<p>Pour de nombreux \u00e9tudiants du cycle sup\u00e9rieur, le moment fort de l\u2019ann\u00e9e universitaire est le voyage d\u2019\u00e9tudes. En avril\u00a02024, les \u00e9tudiants et \u00e9tudiantes ont visit\u00e9 les Nations Unies \u00e0 New York. Ce voyage de deux jours leur a donn\u00e9 la chance de rencontrer des repr\u00e9sentants et repr\u00e9sentantes de haut niveau des Nations Unies ainsi que l\u2019ambassadeur du Canada aupr\u00e8s des Nations Unies, Bob Rae, en t\u00eate-\u00e0-t\u00eate.\u00a0<\/p>\n\n\n\n<p>Ils et elles ont pu discuter avec plusieurs leaders, notamment\u00a0:\u00a0<\/p>\n\n\n\n<ul class=\"wp-block-list\">\n<li>L\u2019ambassadeur Bob Rae, Mission canadienne aupr\u00e8s des Nations Unies<\/li>\n\n\n\n<li>L\u2019ambassadrice Greta Gunnarsdottir, directrice de l\u2019Office de secours et de travaux des Nations Unies pour les r\u00e9fugi\u00e9s de Palestine dans le Proche-Orient (UNRWA)<\/li>\n\n\n\n<li>Thomas Kontogeorgos, D\u00e9partement des Nations Unies pour le d\u00e9sarmement, la d\u00e9mobilisation et la r\u00e9int\u00e9gration<\/li>\n\n\n\n<li>Dlila Sadinlija, Bureau des Nations Unies pour la pr\u00e9vention du g\u00e9nocide<\/li>\n\n\n\n<li>Samuel Martell, Bureau des Nations Unies sur l\u2019action climatique, la paix et la s\u00e9curit\u00e9<\/li>\n\n\n\n<li>Brett Hanley, Programme alimentaire mondial<\/li>\n<\/ul>\n<\/div><\/div>\n\n\n\n<div style=\"height:33px\" aria-hidden=\"true\" class=\"wp-block-spacer\"><\/div>\n\n\n\n<p>En avril\u00a02025, les \u00e9tudiants et \u00e9tudiantes ont fait un voyage d\u2019\u00e9tudes \u00e0 Washington\u00a0DC. \u00c0 cette occasion, ils ont eu des r\u00e9unions avec des organisations internationales, des responsables am\u00e9ricains et autres, notamment\u00a0:<\/p>\n\n\n\n<ul class=\"wp-block-list\">\n<li>Ben Canava, directeur adjoint des affaires canadiennes, D\u00e9partement d\u2019\u00c9tat am\u00e9ricain<\/li>\n\n\n\n<li>Katharine Rechico, directrice ex\u00e9cutive de la Banque mondiale<\/li>\n\n\n\n<li>Will Paterson, dipl\u00f4m\u00e9 de Glendon qui travaille \u00e0 la Banque mondiale<\/li>\n\n\n\n<li>Frank Sesno, directeur g\u00e9n\u00e9ral de la School of Media and Public Affairs de l\u2019Universit\u00e9 George Washington<\/li>\n\n\n\n<li>Christopher Sands, directeur du Canada Institute du Wilson Center\u00a0<\/li>\n\n\n\n<li>Carrie Goodge O\u2019Brien, ambassade du Canada<\/li>\n\n\n\n<li>Major-g\u00e9n\u00e9ral Borys Kremeneskyi, attach\u00e9 des forces arm\u00e9es, ambassade d\u2019Ukraine<\/li>\n<\/ul>\n\n\n\n<p>Ces exp\u00e9riences hors salle de classe ont offert aux \u00e9tudiants et \u00e9tudiantes de nouvelles perspectives et ont renforc\u00e9 leur volont\u00e9 d\u2019apporter des changements positifs.<\/p>\n\n\n\n<div style=\"height:73px\" aria-hidden=\"true\" class=\"wp-block-spacer\"><\/div>\n\n\n\n<h2 class=\"wp-block-heading\">Concours national d\u2019\u00e9tude de cas en administration publique<\/h2>\n\n\n\n<div style=\"height:28px\" aria-hidden=\"true\" class=\"wp-block-spacer\"><\/div>\n\n\n\n<div class=\"wp-block-media-text is-stacked-on-mobile\"><figure class=\"wp-block-media-text__media\"><img loading=\"lazy\" decoding=\"async\" width=\"640\" height=\"388\" src=\"https:\/\/www.yorku.ca\/glendon\/wp-content\/uploads\/sites\/508\/2025\/07\/glendon-2-1.jpg\" alt=\"\" class=\"wp-image-33033 size-full\" srcset=\"https:\/\/www.yorku.ca\/glendon\/wp-content\/uploads\/sites\/508\/2025\/07\/glendon-2-1.jpg 640w, https:\/\/www.yorku.ca\/glendon\/wp-content\/uploads\/sites\/508\/2025\/07\/glendon-2-1-400x243.jpg 400w\" sizes=\"auto, (max-width: 640px) 100vw, 640px\" \/><\/figure><div class=\"wp-block-media-text__content\">\n<p>Depuis 2011, une \u00e9quipe d\u2019\u00e9tudiantes et \u00e9tudiants participe au concours national annuel d\u2019\u00e9tude de cas en administration publique organis\u00e9 par l\u2019Association canadienne des programmes en administration publique. Chaque ann\u00e9e, 12 \u00e0 15\u00a0\u00e9quipes du pays tout entier se disputent les trois premi\u00e8res places du concours. Chaque \u00e9quipe re\u00e7oit une question administrative et dispose d\u2019une semaine pour pr\u00e9senter sa r\u00e9ponse \u00e0 un jury.<\/p>\n\n\n\n<p>Sous la direction d\u2019Andrew Mackey, chercheur principal de BMO, et de professeur Francis Garon, les participants et participantes abordent notamment la question de la passation de contrats. Elles et ils sont ensuite invit\u00e9s \u00e0 fournir une \u00e9valuation et \u00e0 formuler des conseils \u00e0 l\u2019intention des d\u00e9cisionnaires. Ce concours est invariablement consid\u00e9r\u00e9 comme une exp\u00e9rience pr\u00e9cieuse qui permet de comprendre comment les d\u00e9cisions sont prises et l\u2019importance du travail d\u2019\u00e9quipe.<\/p>\n<\/div><\/div>\n\n\n\n<div style=\"height:87px\" aria-hidden=\"true\" class=\"wp-block-spacer\"><\/div>\n","protected":false},"excerpt":{"rendered":"<p>Stages Tous les \u00e9tudiants doivent faire un stage de 12\u00a0semaines apr\u00e8s leur premi\u00e8re ann\u00e9e. Les personnes qui n\u2019obtiennent pas de stage devront suivre 6\u00a0cr\u00e9dits de cours pendant le trimestre d\u2019\u00e9t\u00e9. Les responsables des secteurs public et priv\u00e9 recherchent des \u00e9tudiants et \u00e9tudiantes bilingues. Les \u00e9tudiants et \u00e9tudiantes de la MAPI b\u00e9n\u00e9ficient d\u2019un accompagnement pour la [&hellip;]<\/p>\n","protected":false},"author":2381,"featured_media":32920,"parent":32310,"menu_order":0,"comment_status":"closed","ping_status":"closed","template":"","meta":{"_acf_changed":false,"_kad_blocks_custom_css":"","_kad_blocks_head_custom_js":"","_kad_blocks_body_custom_js":"","_kad_blocks_footer_custom_js":"","footnotes":""},"tags":[],"class_list":["post-34646","page","type-page","status-publish","has-post-thumbnail","hentry"],"acf":[],"yoast_head":"<!-- This site is optimized with the Yoast SEO plugin v27.4 - https:\/\/yoast.com\/product\/yoast-seo-wordpress\/ -->\n<title>\u00c9ducation exp\u00e9rientielle | Glendon Campus<\/title>\n<meta name=\"robots\" content=\"index, follow, max-snippet:-1, max-image-preview:large, max-video-preview:-1\" \/>\n<link rel=\"canonical\" href=\"https:\/\/www.yorku.ca\/glendon\/mpia\/experiential-learning\/\" \/>\n<meta property=\"og:locale\" content=\"en_US\" \/>\n<meta property=\"og:type\" content=\"article\" \/>\n<meta property=\"og:title\" content=\"\u00c9ducation exp\u00e9rientielle | Glendon Campus\" \/>\n<meta property=\"og:description\" content=\"Stages Tous les \u00e9tudiants doivent faire un stage de 12\u00a0semaines apr\u00e8s leur premi\u00e8re ann\u00e9e. Les personnes qui n\u2019obtiennent pas de stage devront suivre 6\u00a0cr\u00e9dits de cours pendant le trimestre d\u2019\u00e9t\u00e9. Les responsables des secteurs public et priv\u00e9 recherchent des \u00e9tudiants et \u00e9tudiantes bilingues. Les \u00e9tudiants et \u00e9tudiantes de la MAPI b\u00e9n\u00e9ficient d\u2019un accompagnement pour la [&hellip;]\" \/>\n<meta property=\"og:url\" content=\"https:\/\/www.yorku.ca\/glendon\/mpia\/experiential-learning\/?lang=fr\" \/>\n<meta property=\"og:site_name\" content=\"Glendon Campus\" \/>\n<meta property=\"article:publisher\" content=\"https:\/\/www.facebook.com\/GlendonCampus\/\" \/>\n<meta property=\"article:modified_time\" content=\"2025-12-10T16:19:21+00:00\" \/>\n<meta property=\"og:image\" content=\"https:\/\/www.yorku.ca\/glendon\/wp-content\/uploads\/sites\/508\/2025\/06\/IMG_7118-2-scaled.jpg\" \/>\n\t<meta property=\"og:image:width\" content=\"1920\" \/>\n\t<meta property=\"og:image:height\" content=\"2560\" \/>\n\t<meta property=\"og:image:type\" content=\"image\/jpeg\" \/>\n<meta name=\"twitter:card\" content=\"summary_large_image\" \/>\n<meta name=\"twitter:site\" content=\"@glendoncampus\" \/>\n<meta name=\"twitter:label1\" content=\"Est. reading time\" \/>\n\t<meta name=\"twitter:data1\" content=\"4 minutes\" \/>\n<script type=\"application\/ld+json\" class=\"yoast-schema-graph\">{\"@context\":\"https:\\\/\\\/schema.org\",\"@graph\":[{\"@type\":\"WebPage\",\"@id\":\"https:\\\/\\\/www.yorku.ca\\\/glendon\\\/mpia\\\/experiential-learning\\\/?lang=fr\",\"url\":\"https:\\\/\\\/www.yorku.ca\\\/glendon\\\/mpia\\\/experiential-learning\\\/?lang=fr\",\"name\":\"\u00c9ducation exp\u00e9rientielle | Glendon Campus\",\"isPartOf\":{\"@id\":\"https:\\\/\\\/www.yorku.ca\\\/glendon\\\/#website\"},\"primaryImageOfPage\":{\"@id\":\"https:\\\/\\\/www.yorku.ca\\\/glendon\\\/mpia\\\/experiential-learning\\\/?lang=fr#primaryimage\"},\"image\":{\"@id\":\"https:\\\/\\\/www.yorku.ca\\\/glendon\\\/mpia\\\/experiential-learning\\\/?lang=fr#primaryimage\"},\"thumbnailUrl\":\"https:\\\/\\\/www.yorku.ca\\\/glendon\\\/wp-content\\\/uploads\\\/sites\\\/508\\\/2025\\\/06\\\/IMG_7118-2-scaled.jpg\",\"datePublished\":\"2025-07-02T20:44:28+00:00\",\"dateModified\":\"2025-12-10T16:19:21+00:00\",\"breadcrumb\":{\"@id\":\"https:\\\/\\\/www.yorku.ca\\\/glendon\\\/mpia\\\/experiential-learning\\\/?lang=fr#breadcrumb\"},\"inLanguage\":\"en-US\",\"potentialAction\":[{\"@type\":\"ReadAction\",\"target\":[\"https:\\\/\\\/www.yorku.ca\\\/glendon\\\/mpia\\\/experiential-learning\\\/?lang=fr\"]}]},{\"@type\":\"ImageObject\",\"inLanguage\":\"en-US\",\"@id\":\"https:\\\/\\\/www.yorku.ca\\\/glendon\\\/mpia\\\/experiential-learning\\\/?lang=fr#primaryimage\",\"url\":\"https:\\\/\\\/www.yorku.ca\\\/glendon\\\/wp-content\\\/uploads\\\/sites\\\/508\\\/2025\\\/06\\\/IMG_7118-2-scaled.jpg\",\"contentUrl\":\"https:\\\/\\\/www.yorku.ca\\\/glendon\\\/wp-content\\\/uploads\\\/sites\\\/508\\\/2025\\\/06\\\/IMG_7118-2-scaled.jpg\",\"width\":1920,\"height\":2560},{\"@type\":\"BreadcrumbList\",\"@id\":\"https:\\\/\\\/www.yorku.ca\\\/glendon\\\/mpia\\\/experiential-learning\\\/?lang=fr#breadcrumb\",\"itemListElement\":[{\"@type\":\"ListItem\",\"position\":1,\"name\":\"Home\",\"item\":\"https:\\\/\\\/www.yorku.ca\\\/glendon\\\/\"},{\"@type\":\"ListItem\",\"position\":2,\"name\":\"MAPI\",\"item\":\"https:\\\/\\\/www.yorku.ca\\\/glendon\\\/mpia\\\/\"},{\"@type\":\"ListItem\",\"position\":3,\"name\":\"\u00c9ducation exp\u00e9rientielle\"}]},{\"@type\":\"WebSite\",\"@id\":\"https:\\\/\\\/www.yorku.ca\\\/glendon\\\/#website\",\"url\":\"https:\\\/\\\/www.yorku.ca\\\/glendon\\\/\",\"name\":\"Glendon Campus\",\"description\":\"\",\"publisher\":{\"@id\":\"https:\\\/\\\/www.yorku.ca\\\/glendon\\\/#organization\"},\"potentialAction\":[{\"@type\":\"SearchAction\",\"target\":{\"@type\":\"EntryPoint\",\"urlTemplate\":\"https:\\\/\\\/www.yorku.ca\\\/glendon\\\/?s={search_term_string}\"},\"query-input\":{\"@type\":\"PropertyValueSpecification\",\"valueRequired\":true,\"valueName\":\"search_term_string\"}}],\"inLanguage\":\"en-US\"},{\"@type\":\"Organization\",\"@id\":\"https:\\\/\\\/www.yorku.ca\\\/glendon\\\/#organization\",\"name\":\"Glendon Campus\",\"url\":\"https:\\\/\\\/www.yorku.ca\\\/glendon\\\/\",\"logo\":{\"@type\":\"ImageObject\",\"inLanguage\":\"en-US\",\"@id\":\"https:\\\/\\\/www.yorku.ca\\\/glendon\\\/#\\\/schema\\\/logo\\\/image\\\/\",\"url\":\"https:\\\/\\\/www.yorku.ca\\\/glendon\\\/wp-content\\\/uploads\\\/sites\\\/508\\\/2023\\\/07\\\/Glendon-Campus-YorkU-Logo-.png\",\"contentUrl\":\"https:\\\/\\\/www.yorku.ca\\\/glendon\\\/wp-content\\\/uploads\\\/sites\\\/508\\\/2023\\\/07\\\/Glendon-Campus-YorkU-Logo-.png\",\"width\":5516,\"height\":601,\"caption\":\"Glendon Campus\"},\"image\":{\"@id\":\"https:\\\/\\\/www.yorku.ca\\\/glendon\\\/#\\\/schema\\\/logo\\\/image\\\/\"},\"sameAs\":[\"https:\\\/\\\/www.facebook.com\\\/GlendonCampus\\\/\",\"https:\\\/\\\/x.com\\\/glendoncampus\",\"https:\\\/\\\/www.instagram.com\\\/glendoncampus\\\/\",\"https:\\\/\\\/www.linkedin.com\\\/school\\\/glendon-campus\\\/\",\"https:\\\/\\\/www.youtube.com\\\/channel\\\/UC8bu5ntS7ZMGCURI0C-uENQ\",\"https:\\\/\\\/en.wikipedia.org\\\/wiki\\\/Glendon_College\"]}]}<\/script>\n<!-- \/ Yoast SEO plugin. -->","yoast_head_json":{"title":"\u00c9ducation exp\u00e9rientielle | Glendon Campus","robots":{"index":"index","follow":"follow","max-snippet":"max-snippet:-1","max-image-preview":"max-image-preview:large","max-video-preview":"max-video-preview:-1"},"canonical":"https:\/\/www.yorku.ca\/glendon\/mpia\/experiential-learning\/","og_locale":"en_US","og_type":"article","og_title":"\u00c9ducation exp\u00e9rientielle | Glendon Campus","og_description":"Stages Tous les \u00e9tudiants doivent faire un stage de 12\u00a0semaines apr\u00e8s leur premi\u00e8re ann\u00e9e. Les personnes qui n\u2019obtiennent pas de stage devront suivre 6\u00a0cr\u00e9dits de cours pendant le trimestre d\u2019\u00e9t\u00e9. Les responsables des secteurs public et priv\u00e9 recherchent des \u00e9tudiants et \u00e9tudiantes bilingues. Les \u00e9tudiants et \u00e9tudiantes de la MAPI b\u00e9n\u00e9ficient d\u2019un accompagnement pour la [&hellip;]","og_url":"https:\/\/www.yorku.ca\/glendon\/mpia\/experiential-learning\/?lang=fr","og_site_name":"Glendon Campus","article_publisher":"https:\/\/www.facebook.com\/GlendonCampus\/","article_modified_time":"2025-12-10T16:19:21+00:00","og_image":[{"width":1920,"height":2560,"url":"https:\/\/www.yorku.ca\/glendon\/wp-content\/uploads\/sites\/508\/2025\/06\/IMG_7118-2-scaled.jpg","type":"image\/jpeg"}],"twitter_card":"summary_large_image","twitter_site":"@glendoncampus","twitter_misc":{"Est. reading time":"4 minutes"},"schema":{"@context":"https:\/\/schema.org","@graph":[{"@type":"WebPage","@id":"https:\/\/www.yorku.ca\/glendon\/mpia\/experiential-learning\/?lang=fr","url":"https:\/\/www.yorku.ca\/glendon\/mpia\/experiential-learning\/?lang=fr","name":"\u00c9ducation exp\u00e9rientielle | Glendon Campus","isPartOf":{"@id":"https:\/\/www.yorku.ca\/glendon\/#website"},"primaryImageOfPage":{"@id":"https:\/\/www.yorku.ca\/glendon\/mpia\/experiential-learning\/?lang=fr#primaryimage"},"image":{"@id":"https:\/\/www.yorku.ca\/glendon\/mpia\/experiential-learning\/?lang=fr#primaryimage"},"thumbnailUrl":"https:\/\/www.yorku.ca\/glendon\/wp-content\/uploads\/sites\/508\/2025\/06\/IMG_7118-2-scaled.jpg","datePublished":"2025-07-02T20:44:28+00:00","dateModified":"2025-12-10T16:19:21+00:00","breadcrumb":{"@id":"https:\/\/www.yorku.ca\/glendon\/mpia\/experiential-learning\/?lang=fr#breadcrumb"},"inLanguage":"en-US","potentialAction":[{"@type":"ReadAction","target":["https:\/\/www.yorku.ca\/glendon\/mpia\/experiential-learning\/?lang=fr"]}]},{"@type":"ImageObject","inLanguage":"en-US","@id":"https:\/\/www.yorku.ca\/glendon\/mpia\/experiential-learning\/?lang=fr#primaryimage","url":"https:\/\/www.yorku.ca\/glendon\/wp-content\/uploads\/sites\/508\/2025\/06\/IMG_7118-2-scaled.jpg","contentUrl":"https:\/\/www.yorku.ca\/glendon\/wp-content\/uploads\/sites\/508\/2025\/06\/IMG_7118-2-scaled.jpg","width":1920,"height":2560},{"@type":"BreadcrumbList","@id":"https:\/\/www.yorku.ca\/glendon\/mpia\/experiential-learning\/?lang=fr#breadcrumb","itemListElement":[{"@type":"ListItem","position":1,"name":"Home","item":"https:\/\/www.yorku.ca\/glendon\/"},{"@type":"ListItem","position":2,"name":"MAPI","item":"https:\/\/www.yorku.ca\/glendon\/mpia\/"},{"@type":"ListItem","position":3,"name":"\u00c9ducation exp\u00e9rientielle"}]},{"@type":"WebSite","@id":"https:\/\/www.yorku.ca\/glendon\/#website","url":"https:\/\/www.yorku.ca\/glendon\/","name":"Glendon Campus","description":"","publisher":{"@id":"https:\/\/www.yorku.ca\/glendon\/#organization"},"potentialAction":[{"@type":"SearchAction","target":{"@type":"EntryPoint","urlTemplate":"https:\/\/www.yorku.ca\/glendon\/?s={search_term_string}"},"query-input":{"@type":"PropertyValueSpecification","valueRequired":true,"valueName":"search_term_string"}}],"inLanguage":"en-US"},{"@type":"Organization","@id":"https:\/\/www.yorku.ca\/glendon\/#organization","name":"Glendon Campus","url":"https:\/\/www.yorku.ca\/glendon\/","logo":{"@type":"ImageObject","inLanguage":"en-US","@id":"https:\/\/www.yorku.ca\/glendon\/#\/schema\/logo\/image\/","url":"https:\/\/www.yorku.ca\/glendon\/wp-content\/uploads\/sites\/508\/2023\/07\/Glendon-Campus-YorkU-Logo-.png","contentUrl":"https:\/\/www.yorku.ca\/glendon\/wp-content\/uploads\/sites\/508\/2023\/07\/Glendon-Campus-YorkU-Logo-.png","width":5516,"height":601,"caption":"Glendon Campus"},"image":{"@id":"https:\/\/www.yorku.ca\/glendon\/#\/schema\/logo\/image\/"},"sameAs":["https:\/\/www.facebook.com\/GlendonCampus\/","https:\/\/x.com\/glendoncampus","https:\/\/www.instagram.com\/glendoncampus\/","https:\/\/www.linkedin.com\/school\/glendon-campus\/","https:\/\/www.youtube.com\/channel\/UC8bu5ntS7ZMGCURI0C-uENQ","https:\/\/en.wikipedia.org\/wiki\/Glendon_College"]}]}},"taxonomy_info":[],"featured_image_src_large":["https:\/\/www.yorku.ca\/glendon\/wp-content\/uploads\/sites\/508\/2025\/06\/IMG_7118-2-768x1024.jpg",768,1024,true],"author_info":{"display_name":"lolobess","author_link":"https:\/\/www.yorku.ca\/glendon\/author\/lolobess\/"},"comment_info":0,"_links":{"self":[{"href":"https:\/\/www.yorku.ca\/glendon\/wp-json\/wp\/v2\/pages\/34646","targetHints":{"allow":["GET"]}}],"collection":[{"href":"https:\/\/www.yorku.ca\/glendon\/wp-json\/wp\/v2\/pages"}],"about":[{"href":"https:\/\/www.yorku.ca\/glendon\/wp-json\/wp\/v2\/types\/page"}],"author":[{"embeddable":true,"href":"https:\/\/www.yorku.ca\/glendon\/wp-json\/wp\/v2\/users\/2381"}],"replies":[{"embeddable":true,"href":"https:\/\/www.yorku.ca\/glendon\/wp-json\/wp\/v2\/comments?post=34646"}],"version-history":[{"count":1,"href":"https:\/\/www.yorku.ca\/glendon\/wp-json\/wp\/v2\/pages\/34646\/revisions"}],"predecessor-version":[{"id":34648,"href":"https:\/\/www.yorku.ca\/glendon\/wp-json\/wp\/v2\/pages\/34646\/revisions\/34648"}],"up":[{"embeddable":true,"href":"https:\/\/www.yorku.ca\/glendon\/wp-json\/wp\/v2\/pages\/32310"}],"wp:featuredmedia":[{"embeddable":true,"href":"https:\/\/www.yorku.ca\/glendon\/wp-json\/wp\/v2\/media\/32920"}],"wp:attachment":[{"href":"https:\/\/www.yorku.ca\/glendon\/wp-json\/wp\/v2\/media?parent=34646"}],"wp:term":[{"taxonomy":"post_tag","embeddable":true,"href":"https:\/\/www.yorku.ca\/glendon\/wp-json\/wp\/v2\/tags?post=34646"}],"curies":[{"name":"wp","href":"https:\/\/api.w.org\/{rel}","templated":true}]}}