  {"id":42419,"date":"2021-07-05T08:58:42","date_gmt":"2021-07-05T12:58:42","guid":{"rendered":"https:\/\/www.yorku.ca\/gradstudies\/?page_id=42419"},"modified":"2025-01-22T14:37:29","modified_gmt":"2025-01-22T19:37:29","slug":"cgpss","status":"publish","type":"page","link":"https:\/\/www.yorku.ca\/gradstudies\/cgpss\/","title":{"rendered":"Canadian Graduate and Professional Student Survey (CGPSS)"},"content":{"rendered":"\n<div class=\"wp-block-group\"><div class=\"wp-block-group__inner-container is-layout-flow wp-block-group-is-layout-flow\">\n<div class=\"wp-block-columns is-layout-flex wp-container-core-columns-is-layout-9d6595d7 wp-block-columns-is-layout-flex\">\n<div class=\"wp-block-column is-layout-flow wp-block-column-is-layout-flow\" style=\"flex-basis:100%\">\n<div style=\"height:30px\" aria-hidden=\"true\" class=\"wp-block-spacer\"><\/div>\n\n\n\n<p><strong>LE TEXTE FRAN\u00c7AIS SUIT L'ANGLAIS<\/strong><\/p>\n\n\n\n<h3 class=\"wp-block-heading has-vivid-red-color has-text-color\">What is CGPSS all about?<\/h3>\n\n\n\n<p>The objective of the CGPSS is to provide quantitative data on various aspects of the graduate student experience. Students are asked to evaluate their overall experience, as well as to evaluate program-specific, department-specific, advisor\/supervisor-specific and university-wide aspects of their educational experience.<\/p>\n\n\n\n<p>All universities in Ontario and most across Canada are inviting their graduate students to complete this survey.<\/p>\n\n\n\n<p>The survey addresses graduate issues relating to academic progress, sources of financial support, debt loads, and overall satisfaction. Results will help us to identify areas of strength and improvement in the graduate student experience, and to monitor the effects of changes in our graduate programs. Previous surveys enabled the Faculty of Graduate Studies to address issues with graduate funding, times to completion and to advocate for increased study space for graduate students.<\/p>\n\n\n\n<h3 class=\"wp-block-heading has-vivid-red-color has-text-color\">2025 Survey<\/h3>\n\n\n\n<ul class=\"wp-block-list\">\n<li>¿ì²¥ÊÓÆµ's CGPSS survey will be released on <strong>January 21 2025<\/strong><\/li>\n\n\n\n<li>Students are asked to refer to their January 21<strong> <\/strong>email from Dr. Alice MacLachlan, Vice-Provost &amp; Dean in the Faculty of Graduate Studies, for survey access and their personalized access code<\/li>\n\n\n\n<li>Participation in this study is voluntary and confidential<\/li>\n\n\n\n<li>Once students complete the survey and hit the \"submit\" button, <strong>they will qualify for a $5 credit on their ¿ì²¥ÊÓÆµ YU-card<\/strong>, which they can use anywhere on campus the YU-card is accepted. Credits are posted to YU-card accounts within 1-2 weeks of survey submission<\/li>\n<\/ul>\n\n\n\n<p>To learn more, or to explore completed research and analysis publications that have utilized CGPSS, please visit&nbsp;<a href=\"https:\/\/cags.ca\/cgpss\/\" target=\"_blank\" rel=\"noreferrer noopener\">Canadian Association of Graduate Studies (CAGS) - Canadian Graduate and Professional Student Survey (CGPSS)<\/a>.<\/p>\n\n\n\n<p>If you have any questions about York\u2019s participation in the survey or about the intended use of the results, contact Maximilian Fantuz, Senior Institutional Analyst, in the Office of Institutional Planning &amp; Analysis, at&nbsp;<a href=\"mailto:fantuz1@yorku.ca\">fantuz1@yorku.ca<\/a>.<\/p>\n\n\n\n<p>Once available, the Faculty of Graduate Studies will discuss aggregated results with students and faculty members at Faculty Council.<\/p>\n\n\n\n<div style=\"height:30px\" aria-hidden=\"true\" class=\"wp-block-spacer\"><\/div>\n\n\n\n<h1 class=\"wp-block-heading\">Enqu\u00eate canadienne aupr\u00e8s des \u00e9tudiants \u00e0 la ma\u00eetrise et au doctorat (ECEMD)<\/h1>\n\n\n\n<h3 class=\"wp-block-heading has-vivid-red-color has-text-color\">Qu\u2019est-ce que l\u2019ECEMD?<\/h3>\n\n\n\n<p>L\u2019objectif de l\u2019ECEMD est de fournir des donn\u00e9es quantitatives sur divers aspects de l\u2019exp\u00e9rience des \u00e9tudiantes et \u00e9tudiants de cycle sup\u00e9rieur. On leur demande d\u2019\u00e9valuer leur exp\u00e9rience globale, ainsi que les aspects de leur exp\u00e9rience \u00e9ducative propre au programme, au d\u00e9partement, au conseiller\/superviseur et \u00e0 l\u2019universit\u00e9.<\/p>\n\n\n\n<p>Toutes les universit\u00e9s de l\u2019Ontario et la plupart de celles du Canada invitent leur communaut\u00e9 \u00e9tudiante de cycle sup\u00e9rieur \u00e0 r\u00e9pondre \u00e0 cette enqu\u00eate.<\/p>\n\n\n\n<p>L\u2019enqu\u00eate porte sur les questions relatives aux progr\u00e8s universitaires, aux sources de soutien financier, \u00e0 l\u2019endettement et \u00e0 la satisfaction g\u00e9n\u00e9rale des \u00e9tudiants de cycle sup\u00e9rieur. Les r\u00e9sultats nous aideront \u00e0 d\u00e9terminer les points forts et les points \u00e0 am\u00e9liorer dans l\u2019exp\u00e9rience des \u00e9tudiants de cycle sup\u00e9rieur et \u00e0 contr\u00f4ler les effets des am\u00e9liorations apport\u00e9es \u00e0 nos programmes d\u2019\u00e9tudes sup\u00e9rieures. Les enqu\u00eates pr\u00e9c\u00e9dentes ont permis \u00e0 la Facult\u00e9 des \u00e9tudes sup\u00e9rieures d\u2019aborder les questions relatives au financement des \u00e9tudes sup\u00e9rieures, aux d\u00e9lais d\u2019ach\u00e8vement et de plaider en faveur d\u2019une augmentation des espaces d\u2019\u00e9tude pour les \u00e9tudiants de cycle sup\u00e9rieur.<\/p>\n\n\n\n<h3 class=\"wp-block-heading has-vivid-red-color has-text-color\">Enqu\u00eate 2025<\/h3>\n\n\n\n<ul class=\"wp-block-list\">\n<li>L\u2019enqu\u00eate ECEMD de l\u2019Universit\u00e9 York sera diffus\u00e9e <strong>le 21 janvier 2025<\/strong><\/li>\n\n\n\n<li>Les \u00e9tudiantes et \u00e9tudiants sont pri\u00e9s de se r\u00e9f\u00e9rer au courriel du 21 janvier du professeur Alice MacLachlan, vice-pr\u00e9v\u00f4t et doyen de la facult\u00e9 des \u00e9tudes sup\u00e9rieures \u00e0 l\u2019enqu\u00eate et obtenir leur code d\u2019acc\u00e8s personnalis\u00e9.<\/li>\n\n\n\n<li>La participation \u00e0 cette enqu\u00eate est facultative et confidentielle<\/li>\n\n\n\n<li>Une fois que vous aurez r\u00e9pondu au sondage et appuy\u00e9 sur le bouton \u00ab soumettre \u00bb, <strong>vous aurez droit \u00e0 un cr\u00e9dit de 5 $ sur votre carte YU de l\u2019Universit\u00e9 York<\/strong>, que vous pourrez utiliser partout sur le campus o\u00f9 la carte YU est accept\u00e9e. Les cr\u00e9dits seront vers\u00e9s sur les comptes de la carte YU une \u00e0 deux semaines apr\u00e8s la soumission de l\u2019enqu\u00eate.<\/li>\n<\/ul>\n\n\n\n<p>Pour en savoir plus, ou pour consulter les publications de recherche et d\u2019analyse termin\u00e9es qui ont utilis\u00e9 l\u2019ECEMD, veuillez visiter le site <a href=\"https:\/\/cags.ca\/cgpss\/?lang=fr\" target=\"_blank\" rel=\"noreferrer noopener\">Association canadienne pour les \u00e9tudes sup\u00e9rieures (ACES) - Enqu\u00eate canadienne aupr\u00e8s des \u00e9tudiants \u00e0 la ma\u00eetrise et au doctorat (ECEMD)<\/a>.<\/p>\n\n\n\n<p>Si vous avez des questions sur la participation de York \u00e0 l\u2019enqu\u00eate ou sur l\u2019utilisation pr\u00e9vue des r\u00e9sultats, contactez Maximilian Fantuz, analyste institutionnelle principale, au Bureau de planification et d\u2019analyse institutionnelle, \u00e0&nbsp;<a href=\"mailto:fantuz1@yorku.ca\">fantuz1@yorku.ca<\/a>.<\/p>\n\n\n\n<p>D\u00e8s que les r\u00e9sultats seront disponibles, la Facult\u00e9 des \u00e9tudes sup\u00e9rieures discutera des donn\u00e9es avec la communaut\u00e9 \u00e9tudiante et les membres du corps professoral lors du Conseil de Facult\u00e9.<\/p>\n\n\n\n<p><\/p>\n<\/div>\n<\/div>\n<\/div><\/div>\n\n\n\n<div style=\"height:30px\" aria-hidden=\"true\" class=\"wp-block-spacer\"><\/div>\n\n\n\n<div class=\"wp-block-group\"><div class=\"wp-block-group__inner-container is-layout-flow wp-block-group-is-layout-flow\">\n<div class=\"wp-block-columns social-bar-block is-layout-flex wp-container-core-columns-is-layout-9d6595d7 wp-block-columns-is-layout-flex\">\n<div class=\"wp-block-column is-layout-flow wp-block-column-is-layout-flow\">\n<h2 class=\"wp-block-heading h6 text-white text-center\">Connect with FGS<\/h2>\n<\/div>\n\n\n\n<div class=\"wp-block-column is-layout-flow wp-block-column-is-layout-flow\">\n<ul class=\"wp-block-social-links aligncenter my-2 is-style-default is-layout-flex wp-block-social-links-is-layout-flex\"><li class=\"wp-social-link wp-social-link-facebook  wp-block-social-link\"><a href=\"https:\/\/www.facebook.com\/YorkUGradStudies\/\" class=\"wp-block-social-link-anchor\"><svg width=\"24\" height=\"24\" viewBox=\"0 0 24 24\" version=\"1.1\" xmlns=\"http:\/\/www.w3.org\/2000\/svg\" aria-hidden=\"true\" focusable=\"false\"><path d=\"M12 2C6.5 2 2 6.5 2 12c0 5 3.7 9.1 8.4 9.9v-7H7.9V12h2.5V9.8c0-2.5 1.5-3.9 3.8-3.9 1.1 0 2.2.2 2.2.2v2.5h-1.3c-1.2 0-1.6.8-1.6 1.6V12h2.8l-.4 2.9h-2.3v7C18.3 21.1 22 17 22 12c0-5.5-4.5-10-10-10z\"><\/path><\/svg><span class=\"wp-block-social-link-label screen-reader-text\">Facebook<\/span><\/a><\/li>\n\n<li class=\"wp-social-link wp-social-link-twitter  wp-block-social-link\"><a href=\"https:\/\/www.twitter.com\/yorkufgs\/\" class=\"wp-block-social-link-anchor\"><svg width=\"24\" height=\"24\" viewBox=\"0 0 24 24\" version=\"1.1\" xmlns=\"http:\/\/www.w3.org\/2000\/svg\" aria-hidden=\"true\" focusable=\"false\"><path d=\"M22.23,5.924c-0.736,0.326-1.527,0.547-2.357,0.646c0.847-0.508,1.498-1.312,1.804-2.27 c-0.793,0.47-1.671,0.812-2.606,0.996C18.324,4.498,17.257,4,16.077,4c-2.266,0-4.103,1.837-4.103,4.103 c0,0.322,0.036,0.635,0.106,0.935C8.67,8.867,5.647,7.234,3.623,4.751C3.27,5.357,3.067,6.062,3.067,6.814 c0,1.424,0.724,2.679,1.825,3.415c-0.673-0.021-1.305-0.206-1.859-0.513c0,0.017,0,0.034,0,0.052c0,1.988,1.414,3.647,3.292,4.023 c-0.344,0.094-0.707,0.144-1.081,0.144c-0.264,0-0.521-0.026-0.772-0.074c0.522,1.63,2.038,2.816,3.833,2.85 c-1.404,1.1-3.174,1.756-5.096,1.756c-0.331,0-0.658-0.019-0.979-0.057c1.816,1.164,3.973,1.843,6.29,1.843 c7.547,0,11.675-6.252,11.675-11.675c0-0.178-0.004-0.355-0.012-0.531C20.985,7.47,21.68,6.747,22.23,5.924z\"><\/path><\/svg><span class=\"wp-block-social-link-label screen-reader-text\">Twitter<\/span><\/a><\/li>\n\n<li class=\"wp-social-link wp-social-link-instagram  wp-block-social-link\"><a href=\"https:\/\/www.instagram.com\/yorkufgs\/\" class=\"wp-block-social-link-anchor\"><svg width=\"24\" height=\"24\" viewBox=\"0 0 24 24\" version=\"1.1\" xmlns=\"http:\/\/www.w3.org\/2000\/svg\" aria-hidden=\"true\" focusable=\"false\"><path d=\"M12,4.622c2.403,0,2.688,0.009,3.637,0.052c0.877,0.04,1.354,0.187,1.671,0.31c0.42,0.163,0.72,0.358,1.035,0.673 c0.315,0.315,0.51,0.615,0.673,1.035c0.123,0.317,0.27,0.794,0.31,1.671c0.043,0.949,0.052,1.234,0.052,3.637 s-0.009,2.688-0.052,3.637c-0.04,0.877-0.187,1.354-0.31,1.671c-0.163,0.42-0.358,0.72-0.673,1.035 c-0.315,0.315-0.615,0.51-1.035,0.673c-0.317,0.123-0.794,0.27-1.671,0.31c-0.949,0.043-1.233,0.052-3.637,0.052 s-2.688-0.009-3.637-0.052c-0.877-0.04-1.354-0.187-1.671-0.31c-0.42-0.163-0.72-0.358-1.035-0.673 c-0.315-0.315-0.51-0.615-0.673-1.035c-0.123-0.317-0.27-0.794-0.31-1.671C4.631,14.688,4.622,14.403,4.622,12 s0.009-2.688,0.052-3.637c0.04-0.877,0.187-1.354,0.31-1.671c0.163-0.42,0.358-0.72,0.673-1.035 c0.315-0.315,0.615-0.51,1.035-0.673c0.317-0.123,0.794-0.27,1.671-0.31C9.312,4.631,9.597,4.622,12,4.622 M12,3 C9.556,3,9.249,3.01,8.289,3.054C7.331,3.098,6.677,3.25,6.105,3.472C5.513,3.702,5.011,4.01,4.511,4.511 c-0.5,0.5-0.808,1.002-1.038,1.594C3.25,6.677,3.098,7.331,3.054,8.289C3.01,9.249,3,9.556,3,12c0,2.444,0.01,2.751,0.054,3.711 c0.044,0.958,0.196,1.612,0.418,2.185c0.23,0.592,0.538,1.094,1.038,1.594c0.5,0.5,1.002,0.808,1.594,1.038 c0.572,0.222,1.227,0.375,2.185,0.418C9.249,20.99,9.556,21,12,21s2.751-0.01,3.711-0.054c0.958-0.044,1.612-0.196,2.185-0.418 c0.592-0.23,1.094-0.538,1.594-1.038c0.5-0.5,0.808-1.002,1.038-1.594c0.222-0.572,0.375-1.227,0.418-2.185 C20.99,14.751,21,14.444,21,12s-0.01-2.751-0.054-3.711c-0.044-0.958-0.196-1.612-0.418-2.185c-0.23-0.592-0.538-1.094-1.038-1.594 c-0.5-0.5-1.002-0.808-1.594-1.038c-0.572-0.222-1.227-0.375-2.185-0.418C14.751,3.01,14.444,3,12,3L12,3z M12,7.378 c-2.552,0-4.622,2.069-4.622,4.622S9.448,16.622,12,16.622s4.622-2.069,4.622-4.622S14.552,7.378,12,7.378z M12,15 c-1.657,0-3-1.343-3-3s1.343-3,3-3s3,1.343,3,3S13.657,15,12,15z M16.804,6.116c-0.596,0-1.08,0.484-1.08,1.08 s0.484,1.08,1.08,1.08c0.596,0,1.08-0.484,1.08-1.08S17.401,6.116,16.804,6.116z\"><\/path><\/svg><span class=\"wp-block-social-link-label screen-reader-text\">Instagram<\/span><\/a><\/li>\n\n<li class=\"wp-social-link wp-social-link-linkedin  wp-block-social-link\"><a href=\"https:\/\/www.linkedin.com\/showcase\/york-university-grad-studies\/\" class=\"wp-block-social-link-anchor\"><svg width=\"24\" height=\"24\" viewBox=\"0 0 24 24\" version=\"1.1\" xmlns=\"http:\/\/www.w3.org\/2000\/svg\" aria-hidden=\"true\" focusable=\"false\"><path d=\"M19.7,3H4.3C3.582,3,3,3.582,3,4.3v15.4C3,20.418,3.582,21,4.3,21h15.4c0.718,0,1.3-0.582,1.3-1.3V4.3 C21,3.582,20.418,3,19.7,3z M8.339,18.338H5.667v-8.59h2.672V18.338z M7.004,8.574c-0.857,0-1.549-0.694-1.549-1.548 c0-0.855,0.691-1.548,1.549-1.548c0.854,0,1.547,0.694,1.547,1.548C8.551,7.881,7.858,8.574,7.004,8.574z M18.339,18.338h-2.669 v-4.177c0-0.996-0.017-2.278-1.387-2.278c-1.389,0-1.601,1.086-1.601,2.206v4.249h-2.667v-8.59h2.559v1.174h0.037 c0.356-0.675,1.227-1.387,2.526-1.387c2.703,0,3.203,1.779,3.203,4.092V18.338z\"><\/path><\/svg><span class=\"wp-block-social-link-label screen-reader-text\">LinkedIn<\/span><\/a><\/li>\n\n<li class=\"wp-social-link wp-social-link-youtube  wp-block-social-link\"><a href=\"https:\/\/www.youtube.com\/@yorkufgs\" class=\"wp-block-social-link-anchor\"><svg width=\"24\" height=\"24\" viewBox=\"0 0 24 24\" version=\"1.1\" xmlns=\"http:\/\/www.w3.org\/2000\/svg\" aria-hidden=\"true\" focusable=\"false\"><path d=\"M21.8,8.001c0,0-0.195-1.378-0.795-1.985c-0.76-0.797-1.613-0.801-2.004-0.847c-2.799-0.202-6.997-0.202-6.997-0.202 h-0.009c0,0-4.198,0-6.997,0.202C4.608,5.216,3.756,5.22,2.995,6.016C2.395,6.623,2.2,8.001,2.2,8.001S2,9.62,2,11.238v1.517 c0,1.618,0.2,3.237,0.2,3.237s0.195,1.378,0.795,1.985c0.761,0.797,1.76,0.771,2.205,0.855c1.6,0.153,6.8,0.201,6.8,0.201 s4.203-0.006,7.001-0.209c0.391-0.047,1.243-0.051,2.004-0.847c0.6-0.607,0.795-1.985,0.795-1.985s0.2-1.618,0.2-3.237v-1.517 C22,9.62,21.8,8.001,21.8,8.001z M9.935,14.594l-0.001-5.62l5.404,2.82L9.935,14.594z\"><\/path><\/svg><span class=\"wp-block-social-link-label screen-reader-text\">YouTube<\/span><\/a><\/li>\n\n<li class=\"wp-social-link wp-social-link-flickr  wp-block-social-link\"><a href=\"https:\/\/www.flickr.com\/photos\/201755710@N04\/albums\" class=\"wp-block-social-link-anchor\"><svg width=\"24\" height=\"24\" viewBox=\"0 0 24 24\" version=\"1.1\" xmlns=\"http:\/\/www.w3.org\/2000\/svg\" aria-hidden=\"true\" focusable=\"false\"><path d=\"M6.5,7c-2.75,0-5,2.25-5,5s2.25,5,5,5s5-2.25,5-5S9.25,7,6.5,7z M17.5,7c-2.75,0-5,2.25-5,5s2.25,5,5,5s5-2.25,5-5 S20.25,7,17.5,7z\"><\/path><\/svg><span class=\"wp-block-social-link-label screen-reader-text\">Flickr<\/span><\/a><\/li><\/ul>\n<\/div>\n<\/div>\n<\/div><\/div>\n","protected":false},"excerpt":{"rendered":"<p>LE TEXTE FRAN\u00c7AIS SUIT L'ANGLAIS What is CGPSS all about? The objective of the CGPSS is to provide quantitative data on various aspects of the graduate student experience. Students are asked to evaluate their overall experience, as well as to evaluate program-specific, department-specific, advisor\/supervisor-specific and university-wide aspects of their educational experience. All universities in Ontario [&hellip;]<\/p>\n","protected":false},"author":676,"featured_media":61366,"parent":0,"menu_order":0,"comment_status":"closed","ping_status":"closed","template":"secondary-page.php","meta":{"_kad_blocks_custom_css":"","_kad_blocks_head_custom_js":"","_kad_blocks_body_custom_js":"","_kad_blocks_footer_custom_js":"","footnotes":""},"categories":[],"tags":[395,397,171,396,137,142,332,127,398,394],"committee":[],"class_list":["post-42419","page","type-page","status-publish","has-post-thumbnail","hentry","tag-academic-progress","tag-debt-loads","tag-fgs","tag-financial-support","tag-graduate-education","tag-graduate-research","tag-graduate-student-experience","tag-graduate-studies","tag-overall-satisfaction","tag-student-survey"],"taxonomy_info":{"post_tag":[{"value":395,"label":"Academic Progress"},{"value":397,"label":"Debt Loads"},{"value":171,"label":"FGS"},{"value":396,"label":"Financial Support"},{"value":137,"label":"Graduate Education"},{"value":142,"label":"Graduate Research"},{"value":332,"label":"Graduate Student Experience"},{"value":127,"label":"Graduate Studies"},{"value":398,"label":"Overall Satisfaction"},{"value":394,"label":"Student Survey"}]},"featured_image_src_large":["https:\/\/www.yorku.ca\/gradstudies\/wp-content\/uploads\/sites\/184\/2024\/11\/commons-walking-winter2-1024x683.jpeg",1024,683,true],"author_info":{"display_name":"","author_link":"https:\/\/www.yorku.ca\/gradstudies\/author\/"},"comment_info":"","_links":{"self":[{"href":"https:\/\/www.yorku.ca\/gradstudies\/wp-json\/wp\/v2\/pages\/42419","targetHints":{"allow":["GET"]}}],"collection":[{"href":"https:\/\/www.yorku.ca\/gradstudies\/wp-json\/wp\/v2\/pages"}],"about":[{"href":"https:\/\/www.yorku.ca\/gradstudies\/wp-json\/wp\/v2\/types\/page"}],"author":[{"embeddable":true,"href":"https:\/\/www.yorku.ca\/gradstudies\/wp-json\/wp\/v2\/users\/676"}],"replies":[{"embeddable":true,"href":"https:\/\/www.yorku.ca\/gradstudies\/wp-json\/wp\/v2\/comments?post=42419"}],"version-history":[{"count":36,"href":"https:\/\/www.yorku.ca\/gradstudies\/wp-json\/wp\/v2\/pages\/42419\/revisions"}],"predecessor-version":[{"id":62214,"href":"https:\/\/www.yorku.ca\/gradstudies\/wp-json\/wp\/v2\/pages\/42419\/revisions\/62214"}],"wp:featuredmedia":[{"embeddable":true,"href":"https:\/\/www.yorku.ca\/gradstudies\/wp-json\/wp\/v2\/media\/61366"}],"wp:attachment":[{"href":"https:\/\/www.yorku.ca\/gradstudies\/wp-json\/wp\/v2\/media?parent=42419"}],"wp:term":[{"taxonomy":"category","embeddable":true,"href":"https:\/\/www.yorku.ca\/gradstudies\/wp-json\/wp\/v2\/categories?post=42419"},{"taxonomy":"post_tag","embeddable":true,"href":"https:\/\/www.yorku.ca\/gradstudies\/wp-json\/wp\/v2\/tags?post=42419"},{"taxonomy":"committee","embeddable":true,"href":"https:\/\/www.yorku.ca\/gradstudies\/wp-json\/wp\/v2\/committee?post=42419"}],"curies":[{"name":"wp","href":"https:\/\/api.w.org\/{rel}","templated":true}]}}