  {"id":2406,"date":"2026-02-04T16:11:17","date_gmt":"2026-02-04T21:11:17","guid":{"rendered":"https:\/\/www.yorku.ca\/research\/its\/?page_id=2406"},"modified":"2026-03-20T10:48:56","modified_gmt":"2026-03-20T14:48:56","slug":"visiting-scholarss","status":"publish","type":"page","link":"https:\/\/www.yorku.ca\/research\/its\/visiting-scholarss\/","title":{"rendered":"Visiting Scholars"},"content":{"rendered":"\n<p>We welcome inquiries from academics (and others) who are interested in visiting ITS for short and long periods of time, from a week to a year. Please contact the Director to make inquiries. Please click <a href=\"https:\/\/research.apps01.yorku.ca\/machform\/view.php?id=305911\">here<\/a> to apply to become an ITS Visiting Scholar.<\/p>\n\n\n\n<div style=\"height:11px\" aria-hidden=\"true\" class=\"wp-block-spacer\"><\/div>\n\n\n\n<div class=\"wp-block-columns is-layout-flex wp-container-core-columns-is-layout-9d6595d7 wp-block-columns-is-layout-flex\">\n<div class=\"wp-block-column is-layout-flow wp-block-column-is-layout-flow\" style=\"flex-basis:20%\"><div class=\"wp-block-image\">\n<figure class=\"alignleft size-full\"><img loading=\"lazy\" decoding=\"async\" width=\"300\" height=\"300\" src=\"https:\/\/www.yorku.ca\/research\/its\/wp-content\/uploads\/sites\/728\/2026\/02\/FessahYonatan-300-by-300.jpg\" alt=\"\" class=\"wp-image-2509\" srcset=\"https:\/\/www.yorku.ca\/research\/its\/wp-content\/uploads\/sites\/728\/2026\/02\/FessahYonatan-300-by-300.jpg 300w, https:\/\/www.yorku.ca\/research\/its\/wp-content\/uploads\/sites\/728\/2026\/02\/FessahYonatan-300-by-300-150x150.jpg 150w\" sizes=\"auto, (max-width: 300px) 100vw, 300px\" \/><figcaption class=\"wp-element-caption\"><a href=\"https:\/\/www.uwc.ac.za\/study\/all-areas-of-study\/departments\/department-of-public-law-and-jurisprudence\/people\">Fessha, Yonatan<\/a><\/figcaption><\/figure>\n<\/div><\/div>\n\n\n\n<div class=\"wp-block-column is-vertically-aligned-center is-layout-flow wp-block-column-is-layout-flow\" style=\"flex-basis:66.66%\">\n<p><a href=\"https:\/\/www.uwc.ac.za\/study\/all-areas-of-study\/departments\/department-of-public-law-and-jurisprudence\/people\">Yonatan Fessha<\/a>&nbsp;is a Professor of law and research chair in constitutional design and divided societies at the University of the Western Cape in South Africa. Prof. Fessha is interested in exploring the relevance and importance of constitutional design in addressing the challenges of governance in societies grappling with identity-based political tensions and conflicts. He has published widely on matters related to, but not limited to, federalism, constitutional design, autonomy, intergovernmental relations, and politicised ethnicity. His publications include&nbsp;books on \u2018Intergovernmental Relations in Divided Societies\u2019 (Palgrave 2022,co-edited), \u2018Courts and Federalism in Africa: Design and Impact in Comparative Perspective\u2019 (Routledge 2020, co-edited) and \u201cEthnic Diversity and Federalism: Constitution-making in South Africa and Ethiopia\u201d (Routledge 2016). Prof Fessha was the recipient of the prestigious Marie-curie Fellowship, presented by the European Commission. He was also the Michigan Grotius Scholar at the University of Michigan and a visiting scholar at the University of Sydney, the University of Qu\u00e9bec \u00e0 Montr\u00e9al, the Norwegian University of Science and Technology and the University of Barcelona. He is currently researching ethnic federalism and the ethnification of digital media.<\/p>\n\n\n\n<p>Visit: June 30 - July 20, 2025, Technoscientific Injustices Cluster<\/p>\n<\/div>\n<\/div>\n\n\n\n<div class=\"wp-block-columns is-layout-flex wp-container-core-columns-is-layout-9d6595d7 wp-block-columns-is-layout-flex\">\n<div class=\"wp-block-column is-layout-flow wp-block-column-is-layout-flow\" style=\"flex-basis:20%\"><div class=\"wp-block-image\">\n<figure class=\"alignleft size-full\"><img loading=\"lazy\" decoding=\"async\" width=\"300\" height=\"300\" src=\"https:\/\/www.yorku.ca\/research\/its\/wp-content\/uploads\/sites\/728\/2026\/02\/Suze-Geiger-300-by-300.jpg\" alt=\"\" class=\"wp-image-2511\" srcset=\"https:\/\/www.yorku.ca\/research\/its\/wp-content\/uploads\/sites\/728\/2026\/02\/Suze-Geiger-300-by-300.jpg 300w, https:\/\/www.yorku.ca\/research\/its\/wp-content\/uploads\/sites\/728\/2026\/02\/Suze-Geiger-300-by-300-150x150.jpg 150w\" sizes=\"auto, (max-width: 300px) 100vw, 300px\" \/><figcaption class=\"wp-element-caption\"><a href=\"https:\/\/people.ucd.ie\/susi.geiger\"><strong>Geiger, Susi<\/strong><\/a> <\/figcaption><\/figure>\n<\/div><\/div>\n\n\n\n<div class=\"wp-block-column is-vertically-aligned-center is-layout-flow wp-block-column-is-layout-flow\" style=\"flex-basis:66.66%\">\n<p><a href=\"https:\/\/people.ucd.ie\/susi.geiger\"><strong>Susi Geiger<\/strong><\/a> is a Full Professor of Markets, Organizations and Society at University College Dublin, Ireland. Prof. Geiger\u2019s expertise lies in the organization of markets, with a particular focus on pharmaceutical and data markets. Her current research focuses on issues of distributive justice and the collective good in these markets, for instance in issues of pricing, patenting, and access. She is the only female holder in an Irish Business School of a highly prestigious ERC Consolidator Grant: \u201cMISFIRES and market innovation for the collective good\u201d (2018-2024). Prof Geiger has held other prestigious grants in the past, including an EU Marie Sklodowska-Curie Global Fellowship. She was recently appointed as a member of the WHO Technical Advisory Group in pharmaceutical pricing. Prof. Geiger has been a Visiting Professor and Scholar at some of the most highly-ranked Universities globally, including the University of California Berkeley, Stockholm School of Economics, Ecole de Mines Paris, SciencesPo Paris, University of Auckland, and University of Vienna. &nbsp;Her work has been published widely in journals such as <em>Organization Studies, Research Policy, Journal of Management Studies, Big Data &amp; Society, Social Science &amp; Medicine, Economy &amp; Society, Journal of Cultural Economy, <\/em>and many others. Her latest monograph entitled \u201cPeak Pharma\u201d will be published in early 2025.<\/p>\n\n\n\n<p>Visit: June 2024, Technoscientific Bodies &amp; Minds and Technoscientific Economies Clusters<\/p>\n<\/div>\n<\/div>\n\n\n\n<div class=\"wp-block-columns is-layout-flex wp-container-core-columns-is-layout-9d6595d7 wp-block-columns-is-layout-flex\">\n<div class=\"wp-block-column is-layout-flow wp-block-column-is-layout-flow\" style=\"flex-basis:20%\"><div class=\"wp-block-image\">\n<figure class=\"alignleft size-full\"><img loading=\"lazy\" decoding=\"async\" width=\"300\" height=\"300\" src=\"https:\/\/www.yorku.ca\/research\/its\/wp-content\/uploads\/sites\/728\/2026\/02\/Michael-Richardson-300-by-300.jpg\" alt=\"\" class=\"wp-image-2513\" srcset=\"https:\/\/www.yorku.ca\/research\/its\/wp-content\/uploads\/sites\/728\/2026\/02\/Michael-Richardson-300-by-300.jpg 300w, https:\/\/www.yorku.ca\/research\/its\/wp-content\/uploads\/sites\/728\/2026\/02\/Michael-Richardson-300-by-300-150x150.jpg 150w\" sizes=\"auto, (max-width: 300px) 100vw, 300px\" \/><figcaption class=\"wp-element-caption\"><a href=\"https:\/\/www.unsw.edu.au\/staff\/michael-richardson\"><strong>Richardson, Michael<\/strong><\/a><\/figcaption><\/figure>\n<\/div><\/div>\n\n\n\n<div class=\"wp-block-column is-vertically-aligned-center is-layout-flow wp-block-column-is-layout-flow\" style=\"flex-basis:66.66%\">\n<p><a href=\"https:\/\/www.unsw.edu.au\/staff\/michael-richardson\"><strong>Michael Richardson<\/strong><\/a> is a writer, researcher, and teacher living and working on Gadigal and Bidjigal country in Sydney, Australia. He is an Associate Professor in Media and Culture at the University of New South Wales, Australia, where he co-directs the <a href=\"https:\/\/mediafutureshub.org\/\">Media Futures Hub and the Autonomous Media Lab<\/a>, and an Associate Investigator with the <a href=\"https:\/\/www.admscentre.org.au\/\">ARC Centre of Excellence on Automated Decision-Making + Society<\/a> (ADM+S). His research examines technology, power, witnessing, trauma, and affect in contexts of war, security, and surveillance. His latest book is <em>Nonhuman Witnessing: War, Data, and Ecology after the End of the World<\/em> (Duke University Press, 2024).<\/p>\n\n\n\n<p>Visit: Feb-Aug 2025, Technoscientific Pasts &amp; Futures Cluster, visit funded by the <em><a href=\"https:\/\/www.yorku.ca\/research\/connected-minds\/\">Connected Minds<\/a><\/em> initiative<\/p>\n<\/div>\n<\/div>\n\n\n\n<div style=\"height:17px\" aria-hidden=\"true\" class=\"wp-block-spacer\"><\/div>\n\n\n\n<p class=\"has-medium-font-size\"><\/p>\n","protected":false},"excerpt":{"rendered":"<p>We welcome inquiries from academics (and others) who are interested in visiting ITS for short and long periods of time, from a week to a year. Please contact the Director to make inquiries. Please click here to apply to become an ITS Visiting Scholar. Yonatan Fessha&nbsp;is a Professor of law and research chair in constitutional [&hellip;]<\/p>\n","protected":false},"author":2231,"featured_media":0,"parent":0,"menu_order":0,"comment_status":"closed","ping_status":"closed","template":"","meta":{"_kad_blocks_custom_css":"","_kad_blocks_head_custom_js":"","_kad_blocks_body_custom_js":"","_kad_blocks_footer_custom_js":"","footnotes":""},"tags":[],"class_list":["post-2406","page","type-page","status-publish","hentry"],"yoast_head":"<!-- This site is optimized with the Yoast SEO plugin v27.4 - https:\/\/yoast.com\/product\/yoast-seo-wordpress\/ -->\n<title>Visiting Scholars - Institute for Technoscience &amp; Society<\/title>\n<meta name=\"robots\" content=\"index, follow, max-snippet:-1, max-image-preview:large, max-video-preview:-1\" \/>\n<link rel=\"canonical\" href=\"https:\/\/www.yorku.ca\/research\/its\/visiting-scholarss\/\" \/>\n<meta property=\"og:locale\" content=\"en_US\" \/>\n<meta property=\"og:type\" content=\"article\" \/>\n<meta property=\"og:title\" content=\"Visiting Scholars - Institute for Technoscience &amp; Society\" \/>\n<meta property=\"og:description\" content=\"We welcome inquiries from academics (and others) who are interested in visiting ITS for short and long periods of time, from a week to a year. Please contact the Director to make inquiries. Please click here to apply to become an ITS Visiting Scholar. Yonatan Fessha&nbsp;is a Professor of law and research chair in constitutional [&hellip;]\" \/>\n<meta property=\"og:url\" content=\"https:\/\/www.yorku.ca\/research\/its\/visiting-scholarss\/\" \/>\n<meta property=\"og:site_name\" content=\"Institute for Technoscience &amp; Society\" \/>\n<meta property=\"article:modified_time\" content=\"2026-03-20T14:48:56+00:00\" \/>\n<meta property=\"og:image\" content=\"https:\/\/www.yorku.ca\/research\/its\/wp-content\/uploads\/sites\/728\/2026\/02\/FessahYonatan-300-by-300.jpg\" \/>\n\t<meta property=\"og:image:width\" content=\"300\" \/>\n\t<meta property=\"og:image:height\" content=\"300\" \/>\n\t<meta property=\"og:image:type\" content=\"image\/jpeg\" \/>\n<meta name=\"twitter:card\" content=\"summary_large_image\" \/>\n<meta name=\"twitter:label1\" content=\"Est. reading time\" \/>\n\t<meta name=\"twitter:data1\" content=\"4 minutes\" \/>\n<script type=\"application\/ld+json\" class=\"yoast-schema-graph\">{\"@context\":\"https:\\\/\\\/schema.org\",\"@graph\":[{\"@type\":\"WebPage\",\"@id\":\"https:\\\/\\\/www.yorku.ca\\\/research\\\/its\\\/visiting-scholarss\\\/\",\"url\":\"https:\\\/\\\/www.yorku.ca\\\/research\\\/its\\\/visiting-scholarss\\\/\",\"name\":\"Visiting Scholars - Institute for Technoscience & Society\",\"isPartOf\":{\"@id\":\"https:\\\/\\\/www.yorku.ca\\\/research\\\/its\\\/#website\"},\"primaryImageOfPage\":{\"@id\":\"https:\\\/\\\/www.yorku.ca\\\/research\\\/its\\\/visiting-scholarss\\\/#primaryimage\"},\"image\":{\"@id\":\"https:\\\/\\\/www.yorku.ca\\\/research\\\/its\\\/visiting-scholarss\\\/#primaryimage\"},\"thumbnailUrl\":\"https:\\\/\\\/www.yorku.ca\\\/research\\\/its\\\/wp-content\\\/uploads\\\/sites\\\/728\\\/2026\\\/02\\\/FessahYonatan-300-by-300.jpg\",\"datePublished\":\"2026-02-04T21:11:17+00:00\",\"dateModified\":\"2026-03-20T14:48:56+00:00\",\"breadcrumb\":{\"@id\":\"https:\\\/\\\/www.yorku.ca\\\/research\\\/its\\\/visiting-scholarss\\\/#breadcrumb\"},\"inLanguage\":\"en-CA\",\"potentialAction\":[{\"@type\":\"ReadAction\",\"target\":[\"https:\\\/\\\/www.yorku.ca\\\/research\\\/its\\\/visiting-scholarss\\\/\"]}]},{\"@type\":\"ImageObject\",\"inLanguage\":\"en-CA\",\"@id\":\"https:\\\/\\\/www.yorku.ca\\\/research\\\/its\\\/visiting-scholarss\\\/#primaryimage\",\"url\":\"https:\\\/\\\/www.yorku.ca\\\/research\\\/its\\\/wp-content\\\/uploads\\\/sites\\\/728\\\/2026\\\/02\\\/FessahYonatan-300-by-300.jpg\",\"contentUrl\":\"https:\\\/\\\/www.yorku.ca\\\/research\\\/its\\\/wp-content\\\/uploads\\\/sites\\\/728\\\/2026\\\/02\\\/FessahYonatan-300-by-300.jpg\",\"width\":300,\"height\":300},{\"@type\":\"BreadcrumbList\",\"@id\":\"https:\\\/\\\/www.yorku.ca\\\/research\\\/its\\\/visiting-scholarss\\\/#breadcrumb\",\"itemListElement\":[{\"@type\":\"ListItem\",\"position\":1,\"name\":\"Home\",\"item\":\"https:\\\/\\\/www.yorku.ca\\\/research\\\/its\\\/\"},{\"@type\":\"ListItem\",\"position\":2,\"name\":\"Visiting Scholars\"}]},{\"@type\":\"WebSite\",\"@id\":\"https:\\\/\\\/www.yorku.ca\\\/research\\\/its\\\/#website\",\"url\":\"https:\\\/\\\/www.yorku.ca\\\/research\\\/its\\\/\",\"name\":\"Institute for Technoscience & Society\",\"description\":\"\",\"potentialAction\":[{\"@type\":\"SearchAction\",\"target\":{\"@type\":\"EntryPoint\",\"urlTemplate\":\"https:\\\/\\\/www.yorku.ca\\\/research\\\/its\\\/?s={search_term_string}\"},\"query-input\":{\"@type\":\"PropertyValueSpecification\",\"valueRequired\":true,\"valueName\":\"search_term_string\"}}],\"inLanguage\":\"en-CA\"}]}<\/script>\n<!-- \/ Yoast SEO plugin. -->","yoast_head_json":{"title":"Visiting Scholars - Institute for Technoscience & Society","robots":{"index":"index","follow":"follow","max-snippet":"max-snippet:-1","max-image-preview":"max-image-preview:large","max-video-preview":"max-video-preview:-1"},"canonical":"https:\/\/www.yorku.ca\/research\/its\/visiting-scholarss\/","og_locale":"en_US","og_type":"article","og_title":"Visiting Scholars - Institute for Technoscience & Society","og_description":"We welcome inquiries from academics (and others) who are interested in visiting ITS for short and long periods of time, from a week to a year. Please contact the Director to make inquiries. Please click here to apply to become an ITS Visiting Scholar. Yonatan Fessha&nbsp;is a Professor of law and research chair in constitutional [&hellip;]","og_url":"https:\/\/www.yorku.ca\/research\/its\/visiting-scholarss\/","og_site_name":"Institute for Technoscience & Society","article_modified_time":"2026-03-20T14:48:56+00:00","og_image":[{"width":300,"height":300,"url":"https:\/\/www.yorku.ca\/research\/its\/wp-content\/uploads\/sites\/728\/2026\/02\/FessahYonatan-300-by-300.jpg","type":"image\/jpeg"}],"twitter_card":"summary_large_image","twitter_misc":{"Est. reading time":"4 minutes"},"schema":{"@context":"https:\/\/schema.org","@graph":[{"@type":"WebPage","@id":"https:\/\/www.yorku.ca\/research\/its\/visiting-scholarss\/","url":"https:\/\/www.yorku.ca\/research\/its\/visiting-scholarss\/","name":"Visiting Scholars - Institute for Technoscience & Society","isPartOf":{"@id":"https:\/\/www.yorku.ca\/research\/its\/#website"},"primaryImageOfPage":{"@id":"https:\/\/www.yorku.ca\/research\/its\/visiting-scholarss\/#primaryimage"},"image":{"@id":"https:\/\/www.yorku.ca\/research\/its\/visiting-scholarss\/#primaryimage"},"thumbnailUrl":"https:\/\/www.yorku.ca\/research\/its\/wp-content\/uploads\/sites\/728\/2026\/02\/FessahYonatan-300-by-300.jpg","datePublished":"2026-02-04T21:11:17+00:00","dateModified":"2026-03-20T14:48:56+00:00","breadcrumb":{"@id":"https:\/\/www.yorku.ca\/research\/its\/visiting-scholarss\/#breadcrumb"},"inLanguage":"en-CA","potentialAction":[{"@type":"ReadAction","target":["https:\/\/www.yorku.ca\/research\/its\/visiting-scholarss\/"]}]},{"@type":"ImageObject","inLanguage":"en-CA","@id":"https:\/\/www.yorku.ca\/research\/its\/visiting-scholarss\/#primaryimage","url":"https:\/\/www.yorku.ca\/research\/its\/wp-content\/uploads\/sites\/728\/2026\/02\/FessahYonatan-300-by-300.jpg","contentUrl":"https:\/\/www.yorku.ca\/research\/its\/wp-content\/uploads\/sites\/728\/2026\/02\/FessahYonatan-300-by-300.jpg","width":300,"height":300},{"@type":"BreadcrumbList","@id":"https:\/\/www.yorku.ca\/research\/its\/visiting-scholarss\/#breadcrumb","itemListElement":[{"@type":"ListItem","position":1,"name":"Home","item":"https:\/\/www.yorku.ca\/research\/its\/"},{"@type":"ListItem","position":2,"name":"Visiting Scholars"}]},{"@type":"WebSite","@id":"https:\/\/www.yorku.ca\/research\/its\/#website","url":"https:\/\/www.yorku.ca\/research\/its\/","name":"Institute for Technoscience & Society","description":"","potentialAction":[{"@type":"SearchAction","target":{"@type":"EntryPoint","urlTemplate":"https:\/\/www.yorku.ca\/research\/its\/?s={search_term_string}"},"query-input":{"@type":"PropertyValueSpecification","valueRequired":true,"valueName":"search_term_string"}}],"inLanguage":"en-CA"}]}},"taxonomy_info":[],"featured_image_src_large":false,"author_info":{"display_name":"hbeecham","author_link":"https:\/\/www.yorku.ca\/research\/its\/author\/hbeecham\/"},"comment_info":0,"_links":{"self":[{"href":"https:\/\/www.yorku.ca\/research\/its\/wp-json\/wp\/v2\/pages\/2406","targetHints":{"allow":["GET"]}}],"collection":[{"href":"https:\/\/www.yorku.ca\/research\/its\/wp-json\/wp\/v2\/pages"}],"about":[{"href":"https:\/\/www.yorku.ca\/research\/its\/wp-json\/wp\/v2\/types\/page"}],"author":[{"embeddable":true,"href":"https:\/\/www.yorku.ca\/research\/its\/wp-json\/wp\/v2\/users\/2231"}],"replies":[{"embeddable":true,"href":"https:\/\/www.yorku.ca\/research\/its\/wp-json\/wp\/v2\/comments?post=2406"}],"version-history":[{"count":8,"href":"https:\/\/www.yorku.ca\/research\/its\/wp-json\/wp\/v2\/pages\/2406\/revisions"}],"predecessor-version":[{"id":2651,"href":"https:\/\/www.yorku.ca\/research\/its\/wp-json\/wp\/v2\/pages\/2406\/revisions\/2651"}],"wp:attachment":[{"href":"https:\/\/www.yorku.ca\/research\/its\/wp-json\/wp\/v2\/media?parent=2406"}],"wp:term":[{"taxonomy":"post_tag","embeddable":true,"href":"https:\/\/www.yorku.ca\/research\/its\/wp-json\/wp\/v2\/tags?post=2406"}],"curies":[{"name":"wp","href":"https:\/\/api.w.org\/{rel}","templated":true}]}}